{"id":1222,"date":"2025-09-25T19:34:17","date_gmt":"2025-09-25T19:34:17","guid":{"rendered":"https:\/\/wearewebrything.com\/bebalance\/?page_id=1222"},"modified":"2025-09-25T21:11:42","modified_gmt":"2025-09-25T21:11:42","slug":"servicios","status":"publish","type":"page","link":"https:\/\/wearewebrything.com\/bebalance\/servicios\/","title":{"rendered":"Servicios"},"content":{"rendered":"\t\t<div data-elementor-type=\"wp-page\" data-elementor-id=\"1222\" class=\"elementor elementor-1222\" data-elementor-post-type=\"page\">\n\t\t\t\t<div class=\"elementor-element elementor-element-7b6e79e e-flex e-con-boxed wpr-particle-no wpr-jarallax-no wpr-parallax-no wpr-sticky-section-no elementor-invisible e-con e-parent\" data-id=\"7b6e79e\" data-element_type=\"container\" data-settings=\"{&quot;animation&quot;:&quot;bounceInUp&quot;}\">\n\t\t\t\t\t<div class=\"e-con-inner\">\n\t\t<div class=\"elementor-element elementor-element-cf207cf e-con-full e-flex wpr-particle-no wpr-jarallax-no wpr-parallax-no wpr-sticky-section-no e-con e-child\" data-id=\"cf207cf\" data-element_type=\"container\" data-settings=\"{&quot;background_background&quot;:&quot;classic&quot;}\">\n\t\t\t\t<div class=\"elementor-element elementor-element-9742349 elementor-widget elementor-widget-heading\" data-id=\"9742349\" data-element_type=\"widget\" data-widget_type=\"heading.default\">\n\t\t\t\t\t<h2 class=\"elementor-heading-title elementor-size-default\">NUESTROS SERVICIOS<\/h2>\t\t\t\t<\/div>\n\t\t\t\t<\/div>\n\t\t\t\t\t<\/div>\n\t\t\t\t<\/div>\n\t\t<div class=\"elementor-element elementor-element-6bc0a40 e-flex e-con-boxed wpr-particle-no wpr-jarallax-no wpr-parallax-no wpr-sticky-section-no elementor-invisible e-con e-parent\" data-id=\"6bc0a40\" data-element_type=\"container\" data-settings=\"{&quot;animation&quot;:&quot;bounceInUp&quot;}\">\n\t\t\t\t\t<div class=\"e-con-inner\">\n\t\t<div class=\"elementor-element elementor-element-495c1e9 e-con-full e-flex wpr-particle-no wpr-jarallax-no wpr-parallax-no wpr-sticky-section-no e-con e-child\" data-id=\"495c1e9\" data-element_type=\"container\">\n\t\t\t\t<div class=\"elementor-element elementor-element-39183c3 elementor-grid-1 elementor-grid-tablet-2 elementor-grid-mobile-1 elementor-widget elementor-widget-loop-grid\" data-id=\"39183c3\" data-element_type=\"widget\" data-settings=\"{&quot;template_id&quot;:1301,&quot;columns&quot;:1,&quot;_skin&quot;:&quot;post&quot;,&quot;columns_tablet&quot;:&quot;2&quot;,&quot;columns_mobile&quot;:&quot;1&quot;,&quot;edit_handle_selector&quot;:&quot;[data-elementor-type=\\&quot;loop-item\\&quot;]&quot;,&quot;row_gap&quot;:{&quot;unit&quot;:&quot;px&quot;,&quot;size&quot;:&quot;&quot;,&quot;sizes&quot;:[]},&quot;row_gap_tablet&quot;:{&quot;unit&quot;:&quot;px&quot;,&quot;size&quot;:&quot;&quot;,&quot;sizes&quot;:[]},&quot;row_gap_mobile&quot;:{&quot;unit&quot;:&quot;px&quot;,&quot;size&quot;:&quot;&quot;,&quot;sizes&quot;:[]}}\" data-widget_type=\"loop-grid.post\">\n\t\t\t\t<div class=\"elementor-widget-container\">\n\t\t\t\t\t\t\t<div class=\"elementor-loop-container elementor-grid\" role=\"list\">\n\t\t<style id=\"loop-1301\">.elementor-1301 .elementor-element.elementor-element-b6e3447{--display:flex;--flex-direction:column;--container-widget-width:100%;--container-widget-height:initial;--container-widget-flex-grow:0;--container-widget-align-self:initial;--flex-wrap-mobile:wrap;--padding-top:0px;--padding-bottom:0px;--padding-left:0px;--padding-right:0px;}.elementor-1301 .elementor-element.elementor-element-de7484c{--display:grid;--e-con-grid-template-columns:1fr 2fr;--e-con-grid-template-rows:repeat(1, 1fr);--grid-auto-flow:row;--align-items:center;--padding-top:0px;--padding-bottom:0px;--padding-left:0px;--padding-right:0px;}.elementor-1301 .elementor-element.elementor-element-74e6a80{--display:flex;--padding-top:0px;--padding-bottom:0px;--padding-left:0px;--padding-right:0px;}.elementor-widget-image .widget-image-caption{color:var( --e-global-color-text );font-family:var( --e-global-typography-text-font-family ), Sans-serif;font-weight:var( --e-global-typography-text-font-weight );}.elementor-1301 .elementor-element.elementor-element-d545f0d{--display:flex;--padding-top:0px;--padding-bottom:0px;--padding-left:0px;--padding-right:0px;}.elementor-1301 .elementor-element.elementor-element-8c662f2{text-align:left;}.elementor-1301 .elementor-element.elementor-element-8c662f2 img{width:100%;max-width:70px;}.elementor-widget-heading .elementor-heading-title{font-family:var( --e-global-typography-primary-font-family ), Sans-serif;font-weight:var( --e-global-typography-primary-font-weight );color:var( --e-global-color-primary );}.elementor-1301 .elementor-element.elementor-element-8de871a{margin:0px 334px calc(var(--kit-widget-spacing, 0px) + -14px) 0px;}.elementor-1301 .elementor-element.elementor-element-8de871a .elementor-heading-title{font-family:\"DM Sans\", Sans-serif;font-weight:400;text-transform:uppercase;line-height:28px;color:#222222;}.elementor-widget-text-editor{font-family:var( --e-global-typography-text-font-family ), Sans-serif;font-weight:var( --e-global-typography-text-font-weight );color:var( --e-global-color-text );}.elementor-widget-text-editor.elementor-drop-cap-view-stacked .elementor-drop-cap{background-color:var( --e-global-color-primary );}.elementor-widget-text-editor.elementor-drop-cap-view-framed .elementor-drop-cap, .elementor-widget-text-editor.elementor-drop-cap-view-default .elementor-drop-cap{color:var( --e-global-color-primary );border-color:var( --e-global-color-primary );}.elementor-1301 .elementor-element.elementor-element-789a12f{margin:0px 198px calc(var(--kit-widget-spacing, 0px) + -10px) 0px;font-family:\"DM Sans\", Sans-serif;font-size:15px;font-weight:400;color:#222222;}.elementor-widget-button .elementor-button{background-color:var( --e-global-color-accent );font-family:var( --e-global-typography-accent-font-family ), Sans-serif;font-weight:var( --e-global-typography-accent-font-weight );}.elementor-1301 .elementor-element.elementor-element-889d2af .elementor-button{background-color:#222222;font-family:\"DM Sans\", Sans-serif;font-size:14px;font-weight:500;text-decoration:none;fill:#FFFFFF;color:#FFFFFF;border-radius:0px 0px 0px 0px;}.elementor-1301 .elementor-element.elementor-element-889d2af .elementor-button:hover, .elementor-1301 .elementor-element.elementor-element-889d2af .elementor-button:focus{background-color:#FDD05A;color:#FFFFFF;}.elementor-1301 .elementor-element.elementor-element-889d2af .elementor-button:hover svg, .elementor-1301 .elementor-element.elementor-element-889d2af .elementor-button:focus svg{fill:#FFFFFF;}@media(max-width:1024px){.elementor-1301 .elementor-element.elementor-element-de7484c{--e-con-grid-template-columns:1;--grid-auto-flow:row;}.elementor-1301 .elementor-element.elementor-element-d545f0d{--padding-top:0px;--padding-bottom:0px;--padding-left:0px;--padding-right:0px;}.elementor-1301 .elementor-element.elementor-element-8de871a{margin:0px 0px calc(var(--kit-widget-spacing, 0px) + 0px) 0px;}.elementor-1301 .elementor-element.elementor-element-8de871a .elementor-heading-title{font-size:20px;}.elementor-1301 .elementor-element.elementor-element-789a12f{margin:0px 0px calc(var(--kit-widget-spacing, 0px) + 0px) 0px;}}@media(max-width:767px){.elementor-1301 .elementor-element.elementor-element-de7484c{--e-con-grid-template-columns:1;--grid-auto-flow:row;}}<\/style>\t\t<div data-elementor-type=\"loop-item\" data-elementor-id=\"1301\" class=\"elementor elementor-1301 e-loop-item e-loop-item-1 post-1 post type-post status-publish format-standard has-post-thumbnail hentry category-consultas-y-terapias-psicologicas category-servicios\" data-elementor-post-type=\"elementor_library\" data-custom-edit-handle=\"1\">\n\t\t\t<div class=\"elementor-element elementor-element-b6e3447 e-flex e-con-boxed wpr-particle-no wpr-jarallax-no wpr-parallax-no wpr-sticky-section-no e-con e-parent\" data-id=\"b6e3447\" data-element_type=\"container\">\n\t\t\t\t\t<div class=\"e-con-inner\">\n\t\t<div class=\"elementor-element elementor-element-de7484c e-grid e-con-full wpr-particle-no wpr-jarallax-no wpr-parallax-no wpr-sticky-section-no e-con e-child\" data-id=\"de7484c\" data-element_type=\"container\">\n\t\t<div class=\"elementor-element elementor-element-74e6a80 e-con-full e-flex wpr-particle-no wpr-jarallax-no wpr-parallax-no wpr-sticky-section-no e-con e-child\" data-id=\"74e6a80\" data-element_type=\"container\">\n\t\t\t\t<div class=\"elementor-element elementor-element-cdd64ac elementor-widget elementor-widget-image\" data-id=\"cdd64ac\" data-element_type=\"widget\" data-widget_type=\"image.default\">\n\t\t\t\t\t\t\t\t\t\t\t\t\t\t\t<img fetchpriority=\"high\" decoding=\"async\" width=\"800\" height=\"624\" src=\"https:\/\/wearewebrything.com\/bebalance\/wp-content\/uploads\/2025\/09\/terapias-psicologicas-copy-1024x799.png\" class=\"attachment-large size-large wp-image-935\" alt=\"\" srcset=\"https:\/\/wearewebrything.com\/bebalance\/wp-content\/uploads\/2025\/09\/terapias-psicologicas-copy-1024x799.png 1024w, https:\/\/wearewebrything.com\/bebalance\/wp-content\/uploads\/2025\/09\/terapias-psicologicas-copy-300x234.png 300w, https:\/\/wearewebrything.com\/bebalance\/wp-content\/uploads\/2025\/09\/terapias-psicologicas-copy-768x599.png 768w, https:\/\/wearewebrything.com\/bebalance\/wp-content\/uploads\/2025\/09\/terapias-psicologicas-copy.png 1200w\" sizes=\"(max-width: 800px) 100vw, 800px\" \/>\t\t\t\t\t\t\t\t\t\t\t\t\t\t\t<\/div>\n\t\t\t\t<\/div>\n\t\t<div class=\"elementor-element elementor-element-d545f0d e-con-full e-flex wpr-particle-no wpr-jarallax-no wpr-parallax-no wpr-sticky-section-no e-con e-child\" data-id=\"d545f0d\" data-element_type=\"container\">\n\t\t\t\t<div class=\"elementor-element elementor-element-8c662f2 elementor-widget elementor-widget-image\" data-id=\"8c662f2\" data-element_type=\"widget\" data-widget_type=\"image.default\">\n\t\t\t\t\t\t\t\t\t\t\t\t\t\t\t<img decoding=\"async\" src=\"https:\/\/wearewebrything.com\/bebalance\/wp-content\/uploads\/2025\/09\/Group-20.png\" title=\"\" alt=\"\" loading=\"lazy\" \/>\t\t\t\t\t\t\t\t\t\t\t\t\t\t\t<\/div>\n\t\t\t\t<div class=\"elementor-element elementor-element-8de871a elementor-widget elementor-widget-heading\" data-id=\"8de871a\" data-element_type=\"widget\" data-widget_type=\"heading.default\">\n\t\t\t\t\t<h3 class=\"elementor-heading-title elementor-size-default\">Consultas y Terapias Psicol\u00f3gicas<\/h3>\t\t\t\t<\/div>\n\t\t\t\t<div class=\"elementor-element elementor-element-789a12f elementor-widget elementor-widget-text-editor\" data-id=\"789a12f\" data-element_type=\"widget\" data-widget_type=\"text-editor.default\">\n\t\t\t\t\t\t\t\t\tSesiones individualizadas con un psic\u00f3logo cl\u00ednico para evaluar, tratar y acompa\u00f1ar en procesos de salud mental y emocional.\t\t\t\t\t\t\t\t<\/div>\n\t\t\t\t<div class=\"elementor-element elementor-element-889d2af elementor-widget elementor-widget-button\" data-id=\"889d2af\" data-element_type=\"widget\" data-widget_type=\"button.default\">\n\t\t\t\t\t\t\t\t\t\t<a class=\"elementor-button elementor-button-link elementor-size-sm\" href=\"https:\/\/wearewebrything.com\/bebalance\/2025\/09\/21\/consultas-y-terapias-psicologicas\/\">\n\t\t\t\t\t\t<span class=\"elementor-button-content-wrapper\">\n\t\t\t\t\t\t\t\t\t<span class=\"elementor-button-text\">M\u00e1s Informaci\u00f3n<\/span>\n\t\t\t\t\t<\/span>\n\t\t\t\t\t<\/a>\n\t\t\t\t\t\t\t\t<\/div>\n\t\t\t\t<\/div>\n\t\t\t\t<\/div>\n\t\t\t\t\t<\/div>\n\t\t\t\t<\/div>\n\t\t\t\t<\/div>\n\t\t\t\t<div data-elementor-type=\"loop-item\" data-elementor-id=\"1301\" class=\"elementor elementor-1301 e-loop-item e-loop-item-80 post-80 post type-post status-publish format-standard has-post-thumbnail hentry category-hipnosis-clinica category-servicios\" data-elementor-post-type=\"elementor_library\" data-custom-edit-handle=\"1\">\n\t\t\t<div class=\"elementor-element elementor-element-b6e3447 e-flex e-con-boxed wpr-particle-no wpr-jarallax-no wpr-parallax-no wpr-sticky-section-no e-con e-parent\" data-id=\"b6e3447\" data-element_type=\"container\">\n\t\t\t\t\t<div class=\"e-con-inner\">\n\t\t<div class=\"elementor-element elementor-element-de7484c e-grid e-con-full wpr-particle-no wpr-jarallax-no wpr-parallax-no wpr-sticky-section-no e-con e-child\" data-id=\"de7484c\" data-element_type=\"container\">\n\t\t<div class=\"elementor-element elementor-element-74e6a80 e-con-full e-flex wpr-particle-no wpr-jarallax-no wpr-parallax-no wpr-sticky-section-no e-con e-child\" data-id=\"74e6a80\" data-element_type=\"container\">\n\t\t\t\t<div class=\"elementor-element elementor-element-cdd64ac elementor-widget elementor-widget-image\" data-id=\"cdd64ac\" data-element_type=\"widget\" data-widget_type=\"image.default\">\n\t\t\t\t\t\t\t\t\t\t\t\t\t\t\t<img decoding=\"async\" width=\"800\" height=\"624\" src=\"https:\/\/wearewebrything.com\/bebalance\/wp-content\/uploads\/2025\/09\/18-9DFV2392-1024x799.png\" class=\"attachment-large size-large wp-image-975\" alt=\"\" srcset=\"https:\/\/wearewebrything.com\/bebalance\/wp-content\/uploads\/2025\/09\/18-9DFV2392-1024x799.png 1024w, https:\/\/wearewebrything.com\/bebalance\/wp-content\/uploads\/2025\/09\/18-9DFV2392-300x234.png 300w, https:\/\/wearewebrything.com\/bebalance\/wp-content\/uploads\/2025\/09\/18-9DFV2392-768x599.png 768w, https:\/\/wearewebrything.com\/bebalance\/wp-content\/uploads\/2025\/09\/18-9DFV2392.png 1200w\" sizes=\"(max-width: 800px) 100vw, 800px\" \/>\t\t\t\t\t\t\t\t\t\t\t\t\t\t\t<\/div>\n\t\t\t\t<\/div>\n\t\t<div class=\"elementor-element elementor-element-d545f0d e-con-full e-flex wpr-particle-no wpr-jarallax-no wpr-parallax-no wpr-sticky-section-no e-con e-child\" data-id=\"d545f0d\" data-element_type=\"container\">\n\t\t\t\t<div class=\"elementor-element elementor-element-8c662f2 elementor-widget elementor-widget-image\" data-id=\"8c662f2\" data-element_type=\"widget\" data-widget_type=\"image.default\">\n\t\t\t\t\t\t\t\t\t\t\t\t\t\t\t<img decoding=\"async\" src=\"https:\/\/wearewebrything.com\/bebalance\/wp-content\/uploads\/2025\/09\/Group-23.png\" title=\"\" alt=\"\" loading=\"lazy\" \/>\t\t\t\t\t\t\t\t\t\t\t\t\t\t\t<\/div>\n\t\t\t\t<div class=\"elementor-element elementor-element-8de871a elementor-widget elementor-widget-heading\" data-id=\"8de871a\" data-element_type=\"widget\" data-widget_type=\"heading.default\">\n\t\t\t\t\t<h3 class=\"elementor-heading-title elementor-size-default\">Hipnosis Cl\u00ednica<\/h3>\t\t\t\t<\/div>\n\t\t\t\t<div class=\"elementor-element elementor-element-789a12f elementor-widget elementor-widget-text-editor\" data-id=\"789a12f\" data-element_type=\"widget\" data-widget_type=\"text-editor.default\">\n\t\t\t\t\t\t\t\t\tTerapia que utiliza estados de concentraci\u00f3n profunda para facilitar cambios positivos en patrones de pensamiento, emociones y conductas.\t\t\t\t\t\t\t\t<\/div>\n\t\t\t\t<div class=\"elementor-element elementor-element-889d2af elementor-widget elementor-widget-button\" data-id=\"889d2af\" data-element_type=\"widget\" data-widget_type=\"button.default\">\n\t\t\t\t\t\t\t\t\t\t<a class=\"elementor-button elementor-button-link elementor-size-sm\" href=\"https:\/\/wearewebrything.com\/bebalance\/2025\/09\/21\/hipnosis-clinica\/\">\n\t\t\t\t\t\t<span class=\"elementor-button-content-wrapper\">\n\t\t\t\t\t\t\t\t\t<span class=\"elementor-button-text\">M\u00e1s Informaci\u00f3n<\/span>\n\t\t\t\t\t<\/span>\n\t\t\t\t\t<\/a>\n\t\t\t\t\t\t\t\t<\/div>\n\t\t\t\t<\/div>\n\t\t\t\t<\/div>\n\t\t\t\t\t<\/div>\n\t\t\t\t<\/div>\n\t\t\t\t<\/div>\n\t\t\t\t<div data-elementor-type=\"loop-item\" data-elementor-id=\"1301\" class=\"elementor elementor-1301 e-loop-item e-loop-item-82 post-82 post type-post status-publish format-standard has-post-thumbnail hentry category-programacion-neurolinguistica-pnl category-servicios\" data-elementor-post-type=\"elementor_library\" data-custom-edit-handle=\"1\">\n\t\t\t<div class=\"elementor-element elementor-element-b6e3447 e-flex e-con-boxed wpr-particle-no wpr-jarallax-no wpr-parallax-no wpr-sticky-section-no e-con e-parent\" data-id=\"b6e3447\" data-element_type=\"container\">\n\t\t\t\t\t<div class=\"e-con-inner\">\n\t\t<div class=\"elementor-element elementor-element-de7484c e-grid e-con-full wpr-particle-no wpr-jarallax-no wpr-parallax-no wpr-sticky-section-no e-con e-child\" data-id=\"de7484c\" data-element_type=\"container\">\n\t\t<div class=\"elementor-element elementor-element-74e6a80 e-con-full e-flex wpr-particle-no wpr-jarallax-no wpr-parallax-no wpr-sticky-section-no e-con e-child\" data-id=\"74e6a80\" data-element_type=\"container\">\n\t\t\t\t<div class=\"elementor-element elementor-element-cdd64ac elementor-widget elementor-widget-image\" data-id=\"cdd64ac\" data-element_type=\"widget\" data-widget_type=\"image.default\">\n\t\t\t\t\t\t\t\t\t\t\t\t\t\t\t<img decoding=\"async\" width=\"800\" height=\"624\" src=\"https:\/\/wearewebrything.com\/bebalance\/wp-content\/uploads\/2025\/09\/ProgNeuroLinguistica-1024x799.png\" class=\"attachment-large size-large wp-image-1020\" alt=\"\" srcset=\"https:\/\/wearewebrything.com\/bebalance\/wp-content\/uploads\/2025\/09\/ProgNeuroLinguistica-1024x799.png 1024w, https:\/\/wearewebrything.com\/bebalance\/wp-content\/uploads\/2025\/09\/ProgNeuroLinguistica-300x234.png 300w, https:\/\/wearewebrything.com\/bebalance\/wp-content\/uploads\/2025\/09\/ProgNeuroLinguistica-768x599.png 768w, https:\/\/wearewebrything.com\/bebalance\/wp-content\/uploads\/2025\/09\/ProgNeuroLinguistica.png 1200w\" sizes=\"(max-width: 800px) 100vw, 800px\" \/>\t\t\t\t\t\t\t\t\t\t\t\t\t\t\t<\/div>\n\t\t\t\t<\/div>\n\t\t<div class=\"elementor-element elementor-element-d545f0d e-con-full e-flex wpr-particle-no wpr-jarallax-no wpr-parallax-no wpr-sticky-section-no e-con e-child\" data-id=\"d545f0d\" data-element_type=\"container\">\n\t\t\t\t<div class=\"elementor-element elementor-element-8c662f2 elementor-widget elementor-widget-image\" data-id=\"8c662f2\" data-element_type=\"widget\" data-widget_type=\"image.default\">\n\t\t\t\t\t\t\t\t\t\t\t\t\t\t\t<img decoding=\"async\" src=\"https:\/\/wearewebrything.com\/bebalance\/wp-content\/uploads\/2025\/09\/Group-1.png\" title=\"\" alt=\"\" loading=\"lazy\" \/>\t\t\t\t\t\t\t\t\t\t\t\t\t\t\t<\/div>\n\t\t\t\t<div class=\"elementor-element elementor-element-8de871a elementor-widget elementor-widget-heading\" data-id=\"8de871a\" data-element_type=\"widget\" data-widget_type=\"heading.default\">\n\t\t\t\t\t<h3 class=\"elementor-heading-title elementor-size-default\">Programaci\u00f3n Neuroling\u00fc\u00edstica (PNL)<\/h3>\t\t\t\t<\/div>\n\t\t\t\t<div class=\"elementor-element elementor-element-789a12f elementor-widget elementor-widget-text-editor\" data-id=\"789a12f\" data-element_type=\"widget\" data-widget_type=\"text-editor.default\">\n\t\t\t\t\t\t\t\t\tHerramienta terap\u00e9utica y de desarrollo personal que ayuda a identificar y modificar patrones mentales y conductuales.\t\t\t\t\t\t\t\t<\/div>\n\t\t\t\t<div class=\"elementor-element elementor-element-889d2af elementor-widget elementor-widget-button\" data-id=\"889d2af\" data-element_type=\"widget\" data-widget_type=\"button.default\">\n\t\t\t\t\t\t\t\t\t\t<a class=\"elementor-button elementor-button-link elementor-size-sm\" href=\"https:\/\/wearewebrything.com\/bebalance\/2025\/09\/21\/programacion-neurolinguistica-pnl\/\">\n\t\t\t\t\t\t<span class=\"elementor-button-content-wrapper\">\n\t\t\t\t\t\t\t\t\t<span class=\"elementor-button-text\">M\u00e1s Informaci\u00f3n<\/span>\n\t\t\t\t\t<\/span>\n\t\t\t\t\t<\/a>\n\t\t\t\t\t\t\t\t<\/div>\n\t\t\t\t<\/div>\n\t\t\t\t<\/div>\n\t\t\t\t\t<\/div>\n\t\t\t\t<\/div>\n\t\t\t\t<\/div>\n\t\t\t\t<div data-elementor-type=\"loop-item\" data-elementor-id=\"1301\" class=\"elementor elementor-1301 e-loop-item e-loop-item-84 post-84 post type-post status-publish format-standard has-post-thumbnail hentry category-servicios category-terapias-complementarias-e-integrativas\" data-elementor-post-type=\"elementor_library\" data-custom-edit-handle=\"1\">\n\t\t\t<div class=\"elementor-element elementor-element-b6e3447 e-flex e-con-boxed wpr-particle-no wpr-jarallax-no wpr-parallax-no wpr-sticky-section-no e-con e-parent\" data-id=\"b6e3447\" data-element_type=\"container\">\n\t\t\t\t\t<div class=\"e-con-inner\">\n\t\t<div class=\"elementor-element elementor-element-de7484c e-grid e-con-full wpr-particle-no wpr-jarallax-no wpr-parallax-no wpr-sticky-section-no e-con e-child\" data-id=\"de7484c\" data-element_type=\"container\">\n\t\t<div class=\"elementor-element elementor-element-74e6a80 e-con-full e-flex wpr-particle-no wpr-jarallax-no wpr-parallax-no wpr-sticky-section-no e-con e-child\" data-id=\"74e6a80\" data-element_type=\"container\">\n\t\t\t\t<div class=\"elementor-element elementor-element-cdd64ac elementor-widget elementor-widget-image\" data-id=\"cdd64ac\" data-element_type=\"widget\" data-widget_type=\"image.default\">\n\t\t\t\t\t\t\t\t\t\t\t\t\t\t\t<img loading=\"lazy\" decoding=\"async\" width=\"800\" height=\"624\" src=\"https:\/\/wearewebrything.com\/bebalance\/wp-content\/uploads\/2025\/09\/9DFV2426-1024x799.png\" class=\"attachment-large size-large wp-image-983\" alt=\"\" srcset=\"https:\/\/wearewebrything.com\/bebalance\/wp-content\/uploads\/2025\/09\/9DFV2426-1024x799.png 1024w, https:\/\/wearewebrything.com\/bebalance\/wp-content\/uploads\/2025\/09\/9DFV2426-300x234.png 300w, https:\/\/wearewebrything.com\/bebalance\/wp-content\/uploads\/2025\/09\/9DFV2426-768x599.png 768w, https:\/\/wearewebrything.com\/bebalance\/wp-content\/uploads\/2025\/09\/9DFV2426.png 1200w\" sizes=\"(max-width: 800px) 100vw, 800px\" \/>\t\t\t\t\t\t\t\t\t\t\t\t\t\t\t<\/div>\n\t\t\t\t<\/div>\n\t\t<div class=\"elementor-element elementor-element-d545f0d e-con-full e-flex wpr-particle-no wpr-jarallax-no wpr-parallax-no wpr-sticky-section-no e-con e-child\" data-id=\"d545f0d\" data-element_type=\"container\">\n\t\t\t\t<div class=\"elementor-element elementor-element-8c662f2 elementor-widget elementor-widget-image\" data-id=\"8c662f2\" data-element_type=\"widget\" data-widget_type=\"image.default\">\n\t\t\t\t\t\t\t\t\t\t\t\t\t\t\t<img decoding=\"async\" src=\"https:\/\/wearewebrything.com\/bebalance\/wp-content\/uploads\/2025\/09\/Group-1.png\" title=\"\" alt=\"\" loading=\"lazy\" \/>\t\t\t\t\t\t\t\t\t\t\t\t\t\t\t<\/div>\n\t\t\t\t<div class=\"elementor-element elementor-element-8de871a elementor-widget elementor-widget-heading\" data-id=\"8de871a\" data-element_type=\"widget\" data-widget_type=\"heading.default\">\n\t\t\t\t\t<h3 class=\"elementor-heading-title elementor-size-default\">Terapias Complementarias e Integrativas<\/h3>\t\t\t\t<\/div>\n\t\t\t\t<div class=\"elementor-element elementor-element-789a12f elementor-widget elementor-widget-text-editor\" data-id=\"789a12f\" data-element_type=\"widget\" data-widget_type=\"text-editor.default\">\n\t\t\t\t\t\t\t\t\tEn Be Balance ofrecemos un conjunto de terapias y experiencias dise\u00f1adas para acompa\u00f1ar a las personas en su proceso de sanaci\u00f3n, equilibrio y crecimiento personal.\t\t\t\t\t\t\t\t<\/div>\n\t\t\t\t<div class=\"elementor-element elementor-element-889d2af elementor-widget elementor-widget-button\" data-id=\"889d2af\" data-element_type=\"widget\" data-widget_type=\"button.default\">\n\t\t\t\t\t\t\t\t\t\t<a class=\"elementor-button elementor-button-link elementor-size-sm\" href=\"https:\/\/wearewebrything.com\/bebalance\/2025\/09\/21\/terapias-complementarias-e-integrativas\/\">\n\t\t\t\t\t\t<span class=\"elementor-button-content-wrapper\">\n\t\t\t\t\t\t\t\t\t<span class=\"elementor-button-text\">M\u00e1s Informaci\u00f3n<\/span>\n\t\t\t\t\t<\/span>\n\t\t\t\t\t<\/a>\n\t\t\t\t\t\t\t\t<\/div>\n\t\t\t\t<\/div>\n\t\t\t\t<\/div>\n\t\t\t\t\t<\/div>\n\t\t\t\t<\/div>\n\t\t\t\t<\/div>\n\t\t\t\t<\/div>\n\t\t\n\t\t\t\t\t\t<\/div>\n\t\t\t\t<\/div>\n\t\t\t\t<\/div>\n\t\t\t\t\t<\/div>\n\t\t\t\t<\/div>\n\t\t\t\t<\/div>\n\t\t","protected":false},"excerpt":{"rendered":"<p>NUESTROS SERVICIOS<\/p>\n","protected":false},"author":1,"featured_media":0,"parent":0,"menu_order":0,"comment_status":"closed","ping_status":"closed","template":"","meta":{"_acf_changed":false,"footnotes":""},"class_list":["post-1222","page","type-page","status-publish","hentry"],"acf":[],"_links":{"self":[{"href":"https:\/\/wearewebrything.com\/bebalance\/wp-json\/wp\/v2\/pages\/1222","targetHints":{"allow":["GET"]}}],"collection":[{"href":"https:\/\/wearewebrything.com\/bebalance\/wp-json\/wp\/v2\/pages"}],"about":[{"href":"https:\/\/wearewebrything.com\/bebalance\/wp-json\/wp\/v2\/types\/page"}],"author":[{"embeddable":true,"href":"https:\/\/wearewebrything.com\/bebalance\/wp-json\/wp\/v2\/users\/1"}],"replies":[{"embeddable":true,"href":"https:\/\/wearewebrything.com\/bebalance\/wp-json\/wp\/v2\/comments?post=1222"}],"version-history":[{"count":82,"href":"https:\/\/wearewebrything.com\/bebalance\/wp-json\/wp\/v2\/pages\/1222\/revisions"}],"predecessor-version":[{"id":1337,"href":"https:\/\/wearewebrything.com\/bebalance\/wp-json\/wp\/v2\/pages\/1222\/revisions\/1337"}],"wp:attachment":[{"href":"https:\/\/wearewebrything.com\/bebalance\/wp-json\/wp\/v2\/media?parent=1222"}],"curies":[{"name":"wp","href":"https:\/\/api.w.org\/{rel}","templated":true}]}}