{"id":25,"date":"2026-01-21T11:21:10","date_gmt":"2026-01-21T11:21:10","guid":{"rendered":"https:\/\/wearewebrything.com\/cooperativa-de-ahorro-y-credito-hermanos-unidos\/?page_id=25"},"modified":"2026-02-15T19:09:54","modified_gmt":"2026-02-15T19:09:54","slug":"noticias-y-educacion","status":"publish","type":"page","link":"https:\/\/wearewebrything.com\/cooperativa-de-ahorro-y-credito-hermanos-unidos\/noticias-y-educacion\/","title":{"rendered":"Noticias y Educaci\u00f3n"},"content":{"rendered":"\t\t<div data-elementor-type=\"wp-page\" data-elementor-id=\"25\" class=\"elementor elementor-25\" data-elementor-post-type=\"page\">\n\t\t\t\t<div class=\"elementor-element elementor-element-e5365b7 e-flex e-con-boxed wpr-particle-no wpr-jarallax-no wpr-parallax-no wpr-sticky-section-no wpr-equal-height-no e-con e-parent\" data-id=\"e5365b7\" data-element_type=\"container\" data-e-type=\"container\" data-settings=\"{&quot;background_background&quot;:&quot;classic&quot;}\">\n\t\t\t\t\t<div class=\"e-con-inner\">\n\t\t\t\t<div class=\"elementor-element elementor-element-dd4a97a elementor-widget__width-initial elementor-invisible elementor-widget elementor-widget-heading\" data-id=\"dd4a97a\" data-element_type=\"widget\" data-e-type=\"widget\" data-settings=\"{&quot;_animation&quot;:&quot;fadeIn&quot;}\" data-widget_type=\"heading.default\">\n\t\t\t\t\t<h1 class=\"elementor-heading-title elementor-size-default\">Noticias y Educaci\u00f3n<\/h1>\t\t\t\t<\/div>\n\t\t\t\t\t<\/div>\n\t\t\t\t<\/div>\n\t\t<div class=\"elementor-element elementor-element-eed207d e-flex e-con-boxed wpr-particle-no wpr-jarallax-no wpr-parallax-no wpr-sticky-section-no wpr-equal-height-no e-con e-parent\" data-id=\"eed207d\" data-element_type=\"container\" data-e-type=\"container\">\n\t\t\t\t\t<div class=\"e-con-inner\">\n\t\t\t\t<div class=\"elementor-element elementor-element-cd6fdb8 wpr-grid-columns-3 wpr-grid-columns--tablet2 wpr-grid-columns--mobile1 wpr-item-styles-inner elementor-widget elementor-widget-wpr-grid\" data-id=\"cd6fdb8\" data-element_type=\"widget\" data-e-type=\"widget\" data-widget_type=\"wpr-grid.default\">\n\t\t\t\t\t<ul class=\"wpr-grid-filters elementor-clearfix wpr-grid-filters-sep-right\"><li class=\" wpr-pointer-none wpr-pointer-line-fx wpr-pointer-fx-none\"><span  data-filter=\"*\" class=\"wpr-grid-filters-item wpr-active-filter \">Todos<\/span><em class=\"wpr-grid-filters-sep\"><\/em><\/li><li class=\" wpr-pointer-none wpr-pointer-line-fx wpr-pointer-fx-none\"><span   data-ajax-filter=[\"category\",\"noticias\"]  data-filter=\".category-noticias\">Noticias<\/span><em class=\"wpr-grid-filters-sep\"><\/em><\/li><li class=\" wpr-pointer-none wpr-pointer-line-fx wpr-pointer-fx-none\"><span   data-ajax-filter=[\"category\",\"educacion\"]  data-filter=\".category-educacion\">Educaci\u00f3n<\/span><em class=\"wpr-grid-filters-sep\"><\/em><\/li><\/ul><section class=\"wpr-grid elementor-clearfix\" data-settings=\"{&quot;layout&quot;:&quot;fitRows&quot;,&quot;stick_last_element_to_bottom&quot;:&quot;&quot;,&quot;columns_desktop&quot;:&quot;3&quot;,&quot;gutter_hr&quot;:25,&quot;gutter_hr_mobile&quot;:15,&quot;gutter_hr_mobile_extra&quot;:15,&quot;gutter_hr_tablet&quot;:15,&quot;gutter_hr_tablet_extra&quot;:25,&quot;gutter_hr_laptop&quot;:25,&quot;gutter_hr_widescreen&quot;:25,&quot;gutter_vr&quot;:15,&quot;gutter_vr_mobile&quot;:&quot;&quot;,&quot;gutter_vr_mobile_extra&quot;:&quot;&quot;,&quot;gutter_vr_tablet&quot;:&quot;&quot;,&quot;gutter_vr_tablet_extra&quot;:15,&quot;gutter_vr_laptop&quot;:15,&quot;gutter_vr_widescreen&quot;:15,&quot;animation&quot;:&quot;default&quot;,&quot;animation_duration&quot;:0.299999999999999988897769753748434595763683319091796875,&quot;animation_delay&quot;:0.1000000000000000055511151231257827021181583404541015625,&quot;deeplinking&quot;:&quot;&quot;,&quot;filters_linkable&quot;:&quot;&quot;,&quot;filters_default_filter&quot;:&quot;&quot;,&quot;filters_count&quot;:&quot;&quot;,&quot;filters_hide_empty&quot;:&quot;no&quot;,&quot;filters_animation&quot;:&quot;default&quot;,&quot;filters_animation_duration&quot;:0.299999999999999988897769753748434595763683319091796875,&quot;filters_animation_delay&quot;:0.1000000000000000055511151231257827021181583404541015625,&quot;pagination_type&quot;:&quot;load-more&quot;,&quot;pagination_max_pages&quot;:1,&quot;lightbox&quot;:{&quot;selector&quot;:&quot;.wpr-grid-image-wrap&quot;,&quot;iframeMaxWidth&quot;:&quot;60%&quot;,&quot;hash&quot;:false,&quot;autoplay&quot;:&quot;&quot;,&quot;pause&quot;:5000,&quot;progressBar&quot;:&quot;true&quot;,&quot;counter&quot;:&quot;&quot;,&quot;controls&quot;:&quot;&quot;,&quot;getCaptionFromTitleOrAlt&quot;:&quot;&quot;,&quot;thumbnail&quot;:&quot;&quot;,&quot;showThumbByDefault&quot;:&quot;&quot;,&quot;share&quot;:&quot;&quot;,&quot;zoom&quot;:&quot;&quot;,&quot;fullScreen&quot;:&quot;&quot;,&quot;download&quot;:&quot;&quot;}}\" data-advanced-filters=\"no\"><article class=\"wpr-grid-item elementor-clearfix post-1516 post type-post status-publish format-standard has-post-thumbnail hentry category-educacion\"><div class=\"wpr-grid-item-inner\"><div class=\"wpr-grid-media-wrap wpr-blur-in wpr-effect-size-large \" data-overlay-link=\"yes\"><div class=\"wpr-grid-image-wrap\" data-src=\"https:\/\/wearewebrything.com\/cooperativa-de-ahorro-y-credito-hermanos-unidos\/wp-content\/uploads\/2026\/02\/featured_image_3_planificacion.png\" data-img-on-hover=\"\"  data-src-secondary=\"\"><img decoding=\"async\" data-no-lazy=\"1\" src=\"https:\/\/wearewebrything.com\/cooperativa-de-ahorro-y-credito-hermanos-unidos\/wp-content\/uploads\/2026\/02\/featured_image_3_planificacion.png\" alt=\"Planificaci\u00f3n Financiera: Tu Camino hacia la Estabilidad Econ\u00f3mica\" class=\"wpr-anim-timing-ease-default\"><\/div><div class=\"wpr-grid-media-hover wpr-animation-wrap\"><div class=\"wpr-grid-media-hover-bg  wpr-overlay-fade-in wpr-anim-size-large wpr-anim-timing-ease-default wpr-anim-transparency\" data-url=\"https:\/\/wearewebrything.com\/cooperativa-de-ahorro-y-credito-hermanos-unidos\/2026\/02\/15\/planificacion-financiera-tu-camino-hacia-la-estabilidad-economica\/\"><\/div><\/div><\/div><div class=\"wpr-grid-item-below-content elementor-clearfix\"><h2 class=\"wpr-grid-item-title elementor-repeater-item-96df82a wpr-grid-item-display-block wpr-grid-item-align-left wpr-pointer-none wpr-pointer-line-fx wpr-pointer-fx-fade\"><div class=\"inner-block\"><a target=\"_self\"  href=\"https:\/\/wearewebrything.com\/cooperativa-de-ahorro-y-credito-hermanos-unidos\/2026\/02\/15\/planificacion-financiera-tu-camino-hacia-la-estabilidad-economica\/\">Planificaci\u00f3n Financiera: Tu Camino hacia la Estabilidad Econ\u00f3mica<\/a><\/div><\/h2><div class=\"wpr-grid-item-excerpt elementor-repeater-item-46a570c wpr-grid-item-display-block wpr-grid-item-align-left\"><div class=\"inner-block\"><p>La planificaci\u00f3n financiera consiste en manejar tu dinero con intenci\u00f3n para lograr estabilidad, cubrir emergencias y avanzar hacia metas. Por...<\/p><\/div><\/div><\/div><\/div><\/article><article class=\"wpr-grid-item elementor-clearfix post-1509 post type-post status-publish format-standard has-post-thumbnail hentry category-educacion\"><div class=\"wpr-grid-item-inner\"><div class=\"wpr-grid-media-wrap wpr-blur-in wpr-effect-size-large \" data-overlay-link=\"yes\"><div class=\"wpr-grid-image-wrap\" data-src=\"https:\/\/wearewebrything.com\/cooperativa-de-ahorro-y-credito-hermanos-unidos\/wp-content\/uploads\/2026\/02\/featured_image_2_credito-1.png\" data-img-on-hover=\"\"  data-src-secondary=\"\"><img decoding=\"async\" data-no-lazy=\"1\" src=\"https:\/\/wearewebrything.com\/cooperativa-de-ahorro-y-credito-hermanos-unidos\/wp-content\/uploads\/2026\/02\/featured_image_2_credito-1.png\" alt=\"C\u00f3mo Mantener un Buen Historial de Cr\u00e9dito\" class=\"wpr-anim-timing-ease-default\"><\/div><div class=\"wpr-grid-media-hover wpr-animation-wrap\"><div class=\"wpr-grid-media-hover-bg  wpr-overlay-fade-in wpr-anim-size-large wpr-anim-timing-ease-default wpr-anim-transparency\" data-url=\"https:\/\/wearewebrything.com\/cooperativa-de-ahorro-y-credito-hermanos-unidos\/2026\/02\/15\/como-mantener-un-buen-historial-de-credito\/\"><\/div><\/div><\/div><div class=\"wpr-grid-item-below-content elementor-clearfix\"><h2 class=\"wpr-grid-item-title elementor-repeater-item-96df82a wpr-grid-item-display-block wpr-grid-item-align-left wpr-pointer-none wpr-pointer-line-fx wpr-pointer-fx-fade\"><div class=\"inner-block\"><a target=\"_self\"  href=\"https:\/\/wearewebrything.com\/cooperativa-de-ahorro-y-credito-hermanos-unidos\/2026\/02\/15\/como-mantener-un-buen-historial-de-credito\/\">C\u00f3mo Mantener un Buen Historial de Cr\u00e9dito<\/a><\/div><\/h2><div class=\"wpr-grid-item-excerpt elementor-repeater-item-46a570c wpr-grid-item-display-block wpr-grid-item-align-left\"><div class=\"inner-block\"><p>Tu historial de cr\u00e9dito es tu \u201creputaci\u00f3n financiera\u201d: muestra c\u00f3mo pagas tus deudas y afecta si te aprueban pr\u00e9stamos, los...<\/p><\/div><\/div><\/div><\/div><\/article><article class=\"wpr-grid-item elementor-clearfix post-1477 post type-post status-publish format-standard has-post-thumbnail hentry category-blogs category-educacion\"><div class=\"wpr-grid-item-inner\"><div class=\"wpr-grid-media-wrap wpr-blur-in wpr-effect-size-large \" data-overlay-link=\"yes\"><div class=\"wpr-grid-image-wrap\" data-src=\"https:\/\/wearewebrything.com\/cooperativa-de-ahorro-y-credito-hermanos-unidos\/wp-content\/uploads\/2026\/02\/featured_image_1_fraude.png\" data-img-on-hover=\"\"  data-src-secondary=\"\"><img decoding=\"async\" data-no-lazy=\"1\" src=\"https:\/\/wearewebrything.com\/cooperativa-de-ahorro-y-credito-hermanos-unidos\/wp-content\/uploads\/2026\/02\/featured_image_1_fraude.png\" alt=\"C\u00f3mo Prevenir el Fraude Financiero\" class=\"wpr-anim-timing-ease-default\"><\/div><div class=\"wpr-grid-media-hover wpr-animation-wrap\"><div class=\"wpr-grid-media-hover-bg  wpr-overlay-fade-in wpr-anim-size-large wpr-anim-timing-ease-default wpr-anim-transparency\" data-url=\"https:\/\/wearewebrything.com\/cooperativa-de-ahorro-y-credito-hermanos-unidos\/2026\/02\/15\/como-prevenir-el-fraude-financiero-6-pasos-esenciales-para-proteger-tu-dinero\/\"><\/div><\/div><\/div><div class=\"wpr-grid-item-below-content elementor-clearfix\"><h2 class=\"wpr-grid-item-title elementor-repeater-item-96df82a wpr-grid-item-display-block wpr-grid-item-align-left wpr-pointer-none wpr-pointer-line-fx wpr-pointer-fx-fade\"><div class=\"inner-block\"><a target=\"_self\"  href=\"https:\/\/wearewebrything.com\/cooperativa-de-ahorro-y-credito-hermanos-unidos\/2026\/02\/15\/como-prevenir-el-fraude-financiero-6-pasos-esenciales-para-proteger-tu-dinero\/\">C\u00f3mo Prevenir el Fraude Financiero<\/a><\/div><\/h2><div class=\"wpr-grid-item-excerpt elementor-repeater-item-46a570c wpr-grid-item-display-block wpr-grid-item-align-left\"><div class=\"inner-block\"><p>Proteger tus finanzas en la era digital es clave porque el fraude puede afectar no solo tu dinero, sino tambi\u00e9n...<\/p><\/div><\/div><\/div><\/div><\/article><article class=\"wpr-grid-item elementor-clearfix post-1429 post type-post status-publish format-standard has-post-thumbnail hentry category-blogs category-noticias\"><div class=\"wpr-grid-item-inner\"><div class=\"wpr-grid-media-wrap wpr-blur-in wpr-effect-size-large \" data-overlay-link=\"yes\"><div class=\"wpr-grid-image-wrap\" data-src=\"https:\/\/wearewebrything.com\/cooperativa-de-ahorro-y-credito-hermanos-unidos\/wp-content\/uploads\/2026\/02\/Screenshot-2026-01-14-at-10.11.20-AM-1.png\" data-img-on-hover=\"\"  data-src-secondary=\"\"><img decoding=\"async\" data-no-lazy=\"1\" src=\"https:\/\/wearewebrything.com\/cooperativa-de-ahorro-y-credito-hermanos-unidos\/wp-content\/uploads\/2026\/02\/Screenshot-2026-01-14-at-10.11.20-AM-1.png\" alt=\"Asamblea Anual de Socios\" class=\"wpr-anim-timing-ease-default\"><\/div><div class=\"wpr-grid-media-hover wpr-animation-wrap\"><div class=\"wpr-grid-media-hover-bg  wpr-overlay-fade-in wpr-anim-size-large wpr-anim-timing-ease-default wpr-anim-transparency\" data-url=\"https:\/\/wearewebrything.com\/cooperativa-de-ahorro-y-credito-hermanos-unidos\/2026\/02\/15\/asamblea-anual-de-socios\/\"><\/div><\/div><\/div><div class=\"wpr-grid-item-below-content elementor-clearfix\"><h2 class=\"wpr-grid-item-title elementor-repeater-item-96df82a wpr-grid-item-display-block wpr-grid-item-align-left wpr-pointer-none wpr-pointer-line-fx wpr-pointer-fx-fade\"><div class=\"inner-block\"><a target=\"_self\"  href=\"https:\/\/wearewebrything.com\/cooperativa-de-ahorro-y-credito-hermanos-unidos\/2026\/02\/15\/asamblea-anual-de-socios\/\">Asamblea Anual de Socios<\/a><\/div><\/h2><div class=\"wpr-grid-item-excerpt elementor-repeater-item-46a570c wpr-grid-item-display-block wpr-grid-item-align-left\"><div class=\"inner-block\"><p>Video recap de lo que fue la Asamblea Anual de Socios de la Cooperativa Hermanos Unidos.<\/p><\/div><\/div><\/div><\/div><\/article><\/section>\t\t\t\t<\/div>\n\t\t\t\t\t<\/div>\n\t\t\t\t<\/div>\n\t\t\t\t<\/div>\n\t\t","protected":false},"excerpt":{"rendered":"<p>Todos Noticias Educaci\u00f3n C\u00f3mo Mantener un Buen Historial de Cr\u00e9dito Tu historial de cr\u00e9dito es tu \u201creputaci\u00f3n financiera\u201d: muestra c\u00f3mo pagas tus deudas y afecta si te aprueban pr\u00e9stamos, los&#8230; C\u00f3mo Prevenir el Fraude Financiero Proteger tus finanzas en la era digital es clave porque el fraude puede afectar no solo tu dinero, sino tambi\u00e9n&#8230; Asamblea Anual de Socios Video recap de lo que fue la Asamblea Anual de Socios de la Cooperativa Hermanos Unidos.<\/p>\n","protected":false},"author":1,"featured_media":1408,"parent":0,"menu_order":0,"comment_status":"closed","ping_status":"closed","template":"","meta":{"footnotes":""},"class_list":["post-25","page","type-page","status-publish","has-post-thumbnail","hentry"],"_links":{"self":[{"href":"https:\/\/wearewebrything.com\/cooperativa-de-ahorro-y-credito-hermanos-unidos\/wp-json\/wp\/v2\/pages\/25","targetHints":{"allow":["GET"]}}],"collection":[{"href":"https:\/\/wearewebrything.com\/cooperativa-de-ahorro-y-credito-hermanos-unidos\/wp-json\/wp\/v2\/pages"}],"about":[{"href":"https:\/\/wearewebrything.com\/cooperativa-de-ahorro-y-credito-hermanos-unidos\/wp-json\/wp\/v2\/types\/page"}],"author":[{"embeddable":true,"href":"https:\/\/wearewebrything.com\/cooperativa-de-ahorro-y-credito-hermanos-unidos\/wp-json\/wp\/v2\/users\/1"}],"replies":[{"embeddable":true,"href":"https:\/\/wearewebrything.com\/cooperativa-de-ahorro-y-credito-hermanos-unidos\/wp-json\/wp\/v2\/comments?post=25"}],"version-history":[{"count":55,"href":"https:\/\/wearewebrything.com\/cooperativa-de-ahorro-y-credito-hermanos-unidos\/wp-json\/wp\/v2\/pages\/25\/revisions"}],"predecessor-version":[{"id":1515,"href":"https:\/\/wearewebrything.com\/cooperativa-de-ahorro-y-credito-hermanos-unidos\/wp-json\/wp\/v2\/pages\/25\/revisions\/1515"}],"wp:featuredmedia":[{"embeddable":true,"href":"https:\/\/wearewebrything.com\/cooperativa-de-ahorro-y-credito-hermanos-unidos\/wp-json\/wp\/v2\/media\/1408"}],"wp:attachment":[{"href":"https:\/\/wearewebrything.com\/cooperativa-de-ahorro-y-credito-hermanos-unidos\/wp-json\/wp\/v2\/media?parent=25"}],"curies":[{"name":"wp","href":"https:\/\/api.w.org\/{rel}","templated":true}]}}