{"id":2682,"date":"2025-06-12T14:46:22","date_gmt":"2025-06-12T14:46:22","guid":{"rendered":"https:\/\/wearewebrything.com\/editorial-panamericana\/?page_id=2682"},"modified":"2025-06-12T18:01:34","modified_gmt":"2025-06-12T18:01:34","slug":"nuestros-proyectos","status":"publish","type":"page","link":"https:\/\/wearewebrything.com\/editorial-panamericana\/nuestros-proyectos\/","title":{"rendered":"Nuestros Proyectos"},"content":{"rendered":"\t\t<div data-elementor-type=\"wp-page\" data-elementor-id=\"2682\" class=\"elementor elementor-2682\" data-elementor-settings=\"{&quot;ha_cmc_init_switcher&quot;:&quot;no&quot;}\" data-elementor-post-type=\"page\">\n\t\t\t\t<div class=\"elementor-element elementor-element-796c1ad0 e-flex e-con-boxed wpr-particle-no wpr-jarallax-no wpr-parallax-no wpr-sticky-section-no e-con e-parent\" data-id=\"796c1ad0\" data-element_type=\"container\" id=\"blue-content\" data-settings=\"{&quot;_ha_eqh_enable&quot;:false}\">\n\t\t\t\t\t<div class=\"e-con-inner\">\n\t\t<div class=\"elementor-element elementor-element-d43cf81 e-con-full e-flex wpr-particle-no wpr-jarallax-no wpr-parallax-no wpr-sticky-section-no e-con e-child\" data-id=\"d43cf81\" data-element_type=\"container\" id=\"blue-content\" data-settings=\"{&quot;background_background&quot;:&quot;classic&quot;,&quot;_ha_eqh_enable&quot;:false}\">\n\t\t\t\t<div class=\"elementor-element elementor-element-7ba89c86 elementor-widget elementor-widget-image\" data-id=\"7ba89c86\" data-element_type=\"widget\" id=\"world-pattern\" data-widget_type=\"image.default\">\n\t\t\t\t<div class=\"elementor-widget-container\">\n\t\t\t\t\t\t\t\t\t\t\t\t\t\t\t<img fetchpriority=\"high\" decoding=\"async\" width=\"800\" height=\"553\" src=\"https:\/\/wearewebrything.com\/editorial-panamericana\/wp-content\/uploads\/2025\/05\/Intersection-2-1.png\" class=\"attachment-large size-large wp-image-1379\" alt=\"\" srcset=\"https:\/\/wearewebrything.com\/editorial-panamericana\/wp-content\/uploads\/2025\/05\/Intersection-2-1.png 900w, https:\/\/wearewebrything.com\/editorial-panamericana\/wp-content\/uploads\/2025\/05\/Intersection-2-1-300x207.png 300w, https:\/\/wearewebrything.com\/editorial-panamericana\/wp-content\/uploads\/2025\/05\/Intersection-2-1-768x531.png 768w\" sizes=\"(max-width: 800px) 100vw, 800px\" \/>\t\t\t\t\t\t\t\t\t\t\t\t\t\t\t<\/div>\n\t\t\t\t<\/div>\n\t\t\t\t<div class=\"elementor-element elementor-element-7b253fe3 elementor-widget elementor-widget-image\" data-id=\"7b253fe3\" data-element_type=\"widget\" id=\"world-pattern-2\" data-widget_type=\"image.default\">\n\t\t\t\t<div class=\"elementor-widget-container\">\n\t\t\t\t\t\t\t\t\t\t\t\t\t\t\t<img decoding=\"async\" width=\"800\" height=\"695\" src=\"https:\/\/wearewebrything.com\/editorial-panamericana\/wp-content\/uploads\/2025\/05\/Intersection-3-1.png\" class=\"attachment-large size-large wp-image-1378\" alt=\"\" srcset=\"https:\/\/wearewebrything.com\/editorial-panamericana\/wp-content\/uploads\/2025\/05\/Intersection-3-1.png 900w, https:\/\/wearewebrything.com\/editorial-panamericana\/wp-content\/uploads\/2025\/05\/Intersection-3-1-300x261.png 300w, https:\/\/wearewebrything.com\/editorial-panamericana\/wp-content\/uploads\/2025\/05\/Intersection-3-1-768x667.png 768w\" sizes=\"(max-width: 800px) 100vw, 800px\" \/>\t\t\t\t\t\t\t\t\t\t\t\t\t\t\t<\/div>\n\t\t\t\t<\/div>\n\t\t\t\t<div class=\"elementor-element elementor-element-7dff4117 elementor-widget elementor-widget-text-editor\" data-id=\"7dff4117\" data-element_type=\"widget\" id=\"optima-font\" data-widget_type=\"text-editor.default\">\n\t\t\t\t<div class=\"elementor-widget-container\">\n\t\t\t\t\t\t\t\t\tNuestros Proyectos\t\t\t\t\t\t\t\t<\/div>\n\t\t\t\t<\/div>\n\t\t\t\t<\/div>\n\t\t\t\t\t<\/div>\n\t\t\t\t<\/div>\n\t\t<div class=\"elementor-element elementor-element-1c6d267 e-flex e-con-boxed wpr-particle-no wpr-jarallax-no wpr-parallax-no wpr-sticky-section-no e-con e-parent\" data-id=\"1c6d267\" data-element_type=\"container\" data-settings=\"{&quot;_ha_eqh_enable&quot;:false}\">\n\t\t\t\t\t<div class=\"e-con-inner\">\n\t\t\t\t<div class=\"elementor-element elementor-element-665d297 elementor-widget elementor-widget-text-editor\" data-id=\"665d297\" data-element_type=\"widget\" data-widget_type=\"text-editor.default\">\n\t\t\t\t<div class=\"elementor-widget-container\">\n\t\t\t\t\t\t\t\t\tProyectos desarrollados con fondos federales del Departamento de Educaci\u00f3n para escuelas p\u00fablicas y privadas y con otros fondos federales para otras agencias del Gobierno\t\t\t\t\t\t\t\t<\/div>\n\t\t\t\t<\/div>\n\t\t\t\t<div class=\"elementor-element elementor-element-c2b0b87 elementor-widget elementor-widget-shortcode\" data-id=\"c2b0b87\" data-element_type=\"widget\" data-widget_type=\"shortcode.default\">\n\t\t\t\t<div class=\"elementor-widget-container\">\n\t\t\t\t\t\t\t<div class=\"elementor-shortcode\">\n<table id=\"tablepress-1\" class=\"tablepress tablepress-id-1\">\n<thead>\n<tr class=\"row-1\">\n\t<th class=\"column-1\">T\u00edtulo<\/th><th class=\"column-2\">Programa<\/th><th class=\"column-3\">N\u00famero de Participantes<\/th><th class=\"column-4\">Evaluaci\u00f3n<\/th><th class=\"column-5\">Fecha<\/th>\n<\/tr>\n<\/thead>\n<tbody class=\"row-striping row-hover\">\n<tr class=\"row-2\">\n\t<td class=\"column-1\">Proyecto Desarrollo Lingu\u0308\u00edstico del Ni\u00f1o Preescolar, la Tecnolog\u00eda y la Ense\u00f1anza Remota (DELTEC)<\/td><td class=\"column-2\">Educaci\u00f3n Especial Preescolar<\/td><td class=\"column-3\">maestros y asistentes de salones preescolares del Departamento de Educaci\u00f3n de Puerto Rico<\/td><td class=\"column-4\">Excelente - 97%<\/td><td class=\"column-5\">mayo - septiembre de 2021<\/td>\n<\/tr>\n<tr class=\"row-3\">\n\t<td class=\"column-1\">7ma. Conferencia anual de nutrici\u00f3n y lactancia (1ra edici\u00f3n digital)<\/td><td class=\"column-2\">WIC - Departamento de Salud<\/td><td class=\"column-3\">600 nutricionistas, administraci\u00f3n y consejeras pares de lactancia<\/td><td class=\"column-4\">Excelente - 91%<\/td><td class=\"column-5\">Noviembre 2020- enero 2021<\/td>\n<\/tr>\n<tr class=\"row-4\">\n\t<td class=\"column-1\">Proyecto: A Leer\u2026 Apoyo a la lectura para estudiantes de grados primarios.<\/td><td class=\"column-2\">Espa\u00f1ol<\/td><td class=\"column-3\">Maestros de Espa\u00f1ol 1-3, Educaci\u00f3n Espacial y Bibliotecarios de la region educativa de San Juan<\/td><td class=\"column-4\">Excelente - 98%<\/td><td class=\"column-5\">octubre- diciembre 2020<\/td>\n<\/tr>\n<tr class=\"row-5\">\n\t<td class=\"column-1\">Asistencia T\u00e9cnica y Apoyo a la Transcisi\u00f3n del Preescolar a la Escuela Elemental (ATAPE)<\/td><td class=\"column-2\">Educaci\u00f3n Especial<\/td><td class=\"column-3\">Maestros de preescolar, Home-bound e itinerantes de Educaci\u00f3n Especial del Departamento de Educaci\u00f3n de Puerto Rico<\/td><td class=\"column-4\">Excelente - 96%<\/td><td class=\"column-5\">Agosto- septiembre 2020<\/td>\n<\/tr>\n<tr class=\"row-6\">\n\t<td class=\"column-1\">Taller En contexto: contextualizando la ense\u00f1anza, te contagio con el texto<\/td><td class=\"column-2\">Espa\u00f1ol<\/td><td class=\"column-3\">Maestros de espa\u00f1ol de las regiones educativas de Arecibo, Bayam\u00f3n, San Juan, Caguas, Humacao, Ponce y Mayag\u00fcez<\/td><td class=\"column-4\">Excelente - 97%<\/td><td class=\"column-5\">7 de marzo de 2020<\/td>\n<\/tr>\n<tr class=\"row-7\">\n\t<td class=\"column-1\">Taller Educativo: Tu actitud determina tu altitud en la vida<\/td><td class=\"column-2\">WIC- Departamento de Salud<\/td><td class=\"column-3\">100 participantes- Oficina Central<\/td><td class=\"column-4\">Excelente - 95%<\/td><td class=\"column-5\">18 de diciembre de 2019<\/td>\n<\/tr>\n<tr class=\"row-8\">\n\t<td class=\"column-1\">6ta Conferencia anual sobre nutrici\u00f3n y lactancia<\/td><td class=\"column-2\">WIC- Departamento de Salud<\/td><td class=\"column-3\">600 nutricionistas, oficinistas, oficiales certificadores, consejeras pares de lactancia<\/td><td class=\"column-4\">Excelente - 94%<\/td><td class=\"column-5\">26 y 27 de septiembre de 2019<\/td>\n<\/tr>\n<tr class=\"row-9\">\n\t<td class=\"column-1\">El apoyo efectivo a las madres a trav\u00e9s de la consejer\u00eda de Pares de Lactancia<\/td><td class=\"column-2\">WIC - Departamento de Salud<\/td><td class=\"column-3\">200 Consejeras Pares y Supervisores<\/td><td class=\"column-4\">Excelente - 96%<\/td><td class=\"column-5\">20 de agosto de 2019<\/td>\n<\/tr>\n<tr class=\"row-10\">\n\t<td class=\"column-1\">Recorrido Cognitivo: Estrategia \u201cWalkthrough\u201d de observaci\u00f3n r\u00e1pida integrada a los espacios comunes<\/td><td class=\"column-2\">T\u00edtulo II- Parte A<\/td><td class=\"column-3\">Directores y maestros de la Regi\u00f3n Educativa de Bayam\u00f3n.<\/td><td class=\"column-4\">Excelente - 95%<\/td><td class=\"column-5\">21 de mayo de 2019<\/td>\n<\/tr>\n<tr class=\"row-11\">\n\t<td class=\"column-1\">Proyecto Team Teaching<\/td><td class=\"column-2\">Educaci\u00f3n Temprana<\/td><td class=\"column-3\">Maestros y comaestros de la Regi\u00f3n Educativa de Ponce<\/td><td class=\"column-4\">Excelente - 94%<\/td><td class=\"column-5\">enero- abril 2019<\/td>\n<\/tr>\n<tr class=\"row-12\">\n\t<td class=\"column-1\">Proyecto 19-35: \u201cThinking Labs\u201d<\/td><td class=\"column-2\">Estudios Sociales<\/td><td class=\"column-3\">Directores, facilitadores y maestros de las Regiones Educativas de Arecibo, Bayam\u00f3n y San Juan<\/td><td class=\"column-4\">Excelente - 96%<\/td><td class=\"column-5\">enero- mayo 2019<\/td>\n<\/tr>\n<tr class=\"row-13\">\n\t<td class=\"column-1\">Desarrollo de comunidades de pr\u00e1cticas efectivas y planificaci\u00f3n para atender las necesidades de los estudiantes mediante la estrategia de instrucci\u00f3n diferenciada<\/td><td class=\"column-2\">T\u00edtulo II- Parte A<\/td><td class=\"column-3\">Maestros de Educaci\u00f3n Especial de la Regi\u00f3n Educativa de Bayam\u00f3n<\/td><td class=\"column-4\">Excelente - 92%<\/td><td class=\"column-5\">27 de marzo de 2019<\/td>\n<\/tr>\n<tr class=\"row-14\">\n\t<td class=\"column-1\">Capacitaci\u00f3n \u201cEl poder transformador de una buena salud comienza con educaci\u00f3n en nutrici\u00f3n y alimentos WIC\u201d<\/td><td class=\"column-2\">WIC- Departamento de Salud<\/td><td class=\"column-3\">180 nutricionistas<\/td><td class=\"column-4\">Excelente - 96%<\/td><td class=\"column-5\">15 de marzo de 2019<\/td>\n<\/tr>\n<tr class=\"row-15\">\n\t<td class=\"column-1\">Capacitaci\u00f3n sobre los nuevos textos y materiales educativos adquiridos por el Departamento de Educaci\u00f3n<\/td><td class=\"column-2\">Estudios Sociales, Espa\u00f1ol e Ingl\u00e9s<\/td><td class=\"column-3\">Facilitadores docentes de las regiones educativas de Arecibo, Bayam\u00f3n, Caguas, Humacao, Mayagu\u0308ez, Ponce y San Juan<\/td><td class=\"column-4\">Excelente - Sobre 90%<\/td><td class=\"column-5\">septiembre- octubre de 2018<\/td>\n<\/tr>\n<tr class=\"row-16\">\n\t<td class=\"column-1\">Capacitaci\u00f3n en Lactancia Materna sobre el Curr\u00edculo \u201cLoving Support\u201d para Consejeras pares y Supervisores del Programa WIC<\/td><td class=\"column-2\">WIC - Departamento de Salud<\/td><td class=\"column-3\">191 Consejeras Pares y Supervisores<\/td><td class=\"column-4\">Excelente - Sobre 90%<\/td><td class=\"column-5\">12 de septiembre de 2018<\/td>\n<\/tr>\n<tr class=\"row-17\">\n\t<td class=\"column-1\">5ta Conferencia anual sobre nutrici\u00f3n y lactancia<\/td><td class=\"column-2\">WIC - Departamento de Salud<\/td><td class=\"column-3\">607 nutricionistas, oficinistas, oficiales certificadores, consejeras pares de lactancia<\/td><td class=\"column-4\">Excelente - Sobre 90%<\/td><td class=\"column-5\">27,28 de agosto 2018 - 4,5 de septiembre 2018<\/td>\n<\/tr>\n<tr class=\"row-18\">\n\t<td class=\"column-1\">Conversatorio \u201cDeja el embotellamiento\u2026 dale la teta\u201d<\/td><td class=\"column-2\">WIC - Departamento de Salud<\/td><td class=\"column-3\">200 madres y embarazadas<\/td><td class=\"column-4\">Excelente - Sobre 90%<\/td><td class=\"column-5\">21 de agosto de 2018<\/td>\n<\/tr>\n<tr class=\"row-19\">\n\t<td class=\"column-1\">Propuesta Adquisici\u00f3n de textos y materiales instruccionales para el Departamento de Educaci\u00f3n<\/td><td class=\"column-2\">Estudios Sociales, Espa\u00f1ol e Ingl\u00e9s<\/td><td class=\"column-3\">Regiones Educativas de Arecibo, Bayam\u00f3n, Caguas, Humacao, Mayagu\u0308ez, Ponce y San Juan<\/td><td class=\"column-4\">Excelente - Sobre 90%<\/td><td class=\"column-5\">junio- julio de 2018<\/td>\n<\/tr>\n<tr class=\"row-20\">\n\t<td class=\"column-1\">Estrategias Did\u00e1cticas de Inclusi\u00f3n y Transici\u00f3n para la Educaci\u00f3n Postescolar y la Vida Independiente (EDITEP) - Fase I<\/td><td class=\"column-2\">SecretarIa Asociada de Educaci\u00f3n Especial (SAEE)<\/td><td class=\"column-3\">Regi\u00f3n de San Juan<\/td><td class=\"column-4\">Excelente - Sobre 90%<\/td><td class=\"column-5\">19 de enero de 2018<\/td>\n<\/tr>\n<tr class=\"row-21\">\n\t<td class=\"column-1\">El teatro como estrategia para fomentar el desarrollo del lenguaje y la cultura (Uso y manejo La aventura de hacer Teatro- Elemental y Leyendas en la historia de PR)<\/td><td class=\"column-2\">Programa para Aprendices de Espa\u00f1ol como Segundo Idioma e Inmigrantes<\/td><td class=\"column-3\">26 maestros \/ Regiones San Juan, Bayam\u00f3n, Humacao<\/td><td class=\"column-4\">Excelente - Sobre 90%<\/td><td class=\"column-5\">7 de diciembre de 2017<\/td>\n<\/tr>\n<\/tbody>\n<\/table>\n<!-- #tablepress-1 from cache --><\/div>\n\t\t\t\t\t\t<\/div>\n\t\t\t\t<\/div>\n\t\t\t\t\t<\/div>\n\t\t\t\t<\/div>\n\t\t\t\t<\/div>\n\t\t","protected":false},"excerpt":{"rendered":"<p>Nuestros ProyectosProyectos desarrollados con fondos federales del Departamento de Educaci\u00f3n para escuelas p\u00fablicas y privadas y con otros fondos federales para otras agencias del Gobierno<\/p>\n","protected":false},"author":1,"featured_media":0,"parent":0,"menu_order":0,"comment_status":"closed","ping_status":"closed","template":"","meta":{"pagelayer_contact_templates":[],"_pagelayer_content":"","footnotes":""},"class_list":["post-2682","page","type-page","status-publish","hentry"],"_links":{"self":[{"href":"https:\/\/wearewebrything.com\/editorial-panamericana\/wp-json\/wp\/v2\/pages\/2682","targetHints":{"allow":["GET"]}}],"collection":[{"href":"https:\/\/wearewebrything.com\/editorial-panamericana\/wp-json\/wp\/v2\/pages"}],"about":[{"href":"https:\/\/wearewebrything.com\/editorial-panamericana\/wp-json\/wp\/v2\/types\/page"}],"author":[{"embeddable":true,"href":"https:\/\/wearewebrything.com\/editorial-panamericana\/wp-json\/wp\/v2\/users\/1"}],"replies":[{"embeddable":true,"href":"https:\/\/wearewebrything.com\/editorial-panamericana\/wp-json\/wp\/v2\/comments?post=2682"}],"version-history":[{"count":124,"href":"https:\/\/wearewebrything.com\/editorial-panamericana\/wp-json\/wp\/v2\/pages\/2682\/revisions"}],"predecessor-version":[{"id":2890,"href":"https:\/\/wearewebrything.com\/editorial-panamericana\/wp-json\/wp\/v2\/pages\/2682\/revisions\/2890"}],"wp:attachment":[{"href":"https:\/\/wearewebrything.com\/editorial-panamericana\/wp-json\/wp\/v2\/media?parent=2682"}],"curies":[{"name":"wp","href":"https:\/\/api.w.org\/{rel}","templated":true}]}}