{"id":26760,"date":"2017-02-28T16:41:47","date_gmt":"2017-02-28T20:41:47","guid":{"rendered":"https:\/\/wearewebrything.com\/edptest\/?page_id=26760"},"modified":"2024-05-02T15:51:12","modified_gmt":"2024-05-02T19:51:12","slug":"student-right-know","status":"publish","type":"page","link":"https:\/\/wearewebrything.com\/edptest\/student-right-know\/","title":{"rendered":"Student Right to Know"},"content":{"rendered":"<style type=\"text\/css\"> \n#cmsmasters_row_69fcdc543810a { \n\tbackground-image: url(https:\/\/wearewebrything.com\/edptest\/wp-content\/uploads\/webbanners-1.png); \n\tbackground-position: top center; \n\tbackground-repeat: no-repeat; \n\tbackground-attachment: scroll; \n\tbackground-size: cover; \n} \n\n#cmsmasters_row_69fcdc543810a .cmsmasters_row_outer_parent { \n\tpadding-top: 80px; \n} \n\n#cmsmasters_row_69fcdc543810a .cmsmasters_row_outer_parent { \n\tpadding-bottom: 80px; \n} \n\n#cmsmasters_row_69fcdc543810a .cmsmasters_row_overlay { \n\tbackground-color:rgba(37,37,49,0.1);\n} \n\n \n#cmsmasters_heading_69fcdc5438a87 { \n\ttext-align:left; \n\tmargin-top:30px; \n\tmargin-bottom:30px; \n} \n\n#cmsmasters_heading_69fcdc5438a87 .cmsmasters_heading { \n\ttext-align:left; \n} \n\n#cmsmasters_heading_69fcdc5438a87 .cmsmasters_heading, #cmsmasters_heading_69fcdc5438a87 .cmsmasters_heading a { \n\tfont-size:50px; \n\tline-height:90px; \n\tfont-weight:300; \n\tfont-style:normal; \n\tcolor:#ffffff;\n} \n\n#cmsmasters_heading_69fcdc5438a87 .cmsmasters_heading_divider { \n} \n\n \n#cmsmasters_row_69fcdc5438c87 .cmsmasters_row_outer_parent { \n\tpadding-top: 25px; \n} \n\n#cmsmasters_row_69fcdc5438c87 .cmsmasters_row_outer_parent { \n\tpadding-bottom: 25px; \n} \n\n<\/style>\t\t<div data-elementor-type=\"wp-page\" data-elementor-id=\"26760\" class=\"elementor elementor-26760\" data-elementor-post-type=\"page\">\n\t\t\t\t\t\t<section class=\"elementor-section elementor-top-section elementor-element elementor-element-55e1225f elementor-section-boxed elementor-section-height-default elementor-section-height-default\" data-id=\"55e1225f\" data-element_type=\"section\">\n\t\t\t\t\t\t<div class=\"elementor-container elementor-column-gap-default\">\n\t\t\t\t\t<div class=\"elementor-column elementor-col-100 elementor-top-column elementor-element elementor-element-6e25bc96\" data-id=\"6e25bc96\" data-element_type=\"column\">\n\t\t\t<div class=\"elementor-widget-wrap elementor-element-populated\">\n\t\t\t\t\t\t<div class=\"elementor-element elementor-element-6abd8677 elementor-widget elementor-widget-text-editor\" data-id=\"6abd8677\" data-element_type=\"widget\" data-widget_type=\"text-editor.default\">\n\t\t\t\t<div class=\"elementor-widget-container\">\n\t\t\t\t\t\t\t<p><div id=\"cmsmasters_row_69fcdc543810a\" class=\"cmsmasters_row cmsmasters_color_scheme_default cmsmasters_row_top_default cmsmasters_row_bot_default cmsmasters_row_boxed\">\n<div class=\"cmsmasters_row_outer_parent\">\n<div class=\"cmsmasters_row_overlay\"><\/div>\n<div class=\"cmsmasters_row_outer\">\n<div class=\"cmsmasters_row_inner\">\n<div class=\"cmsmasters_row_margin\">\n<div class=\"cmsmasters_column one_first\">\n\n<div id=\"cmsmasters_heading_69fcdc5438a87\" class=\"cmsmasters_heading_wrap cmsmasters_heading_align_left\">\n\t<h1 class=\"cmsmasters_heading\">STUDENT RIGHT TO KNOW<\/h1>\n<\/div>\n<\/div>\n<\/div>\n<\/div>\n<\/div>\n<\/div>\n<\/div>\n<div id=\"cmsmasters_row_69fcdc5438c87\" class=\"cmsmasters_row cmsmasters_color_scheme_default cmsmasters_row_top_default cmsmasters_row_bot_default cmsmasters_row_boxed\">\n<div class=\"cmsmasters_row_outer_parent\">\n<div class=\"cmsmasters_row_outer\">\n<div class=\"cmsmasters_row_inner\">\n<div class=\"cmsmasters_row_margin\">\n<div class=\"cmsmasters_column one_first\">\n<p>\u00a0<\/p>\n<p>El<em> Student Right-To-Know and Campus Security Act <\/em>(P.L. 101-542) de 1990 enmienda el <em>Higher Education Act<\/em> de 1965 (HEA, por sus siglas en ingl\u00e9s) para exigir que todas las instituciones de educaci\u00f3n superior que participen en cualquier programa bajo T\u00edtulo IV (Asistencia al estudiante) divulguen la tasa de culminaci\u00f3n o graduaci\u00f3n de certificados o estudiantes a tiempo completo que buscan completar un grado acad\u00e9mico y que ingresan a dichas instituciones. En cumplimiento con esta ley, se provee la siguiente informaci\u00f3n para la toma de decisiones de estudiantes actuales y futuros.<\/p>\n<div class=\"cmsmasters_tabs tabs_mode_tab\">\n<ul class=\"cmsmasters_tabs_list\">\n<li id=\"cmsmasters_tabs_list_item_69fcdc5439118\" class=\"cmsmasters_tabs_list_item current_tab\">\n<a href=\"#\">\n<span>Estudiantil<\/span>\n<\/a>\n<\/li><li id=\"cmsmasters_tabs_list_item_69fcdc5439258\" class=\"cmsmasters_tabs_list_item\">\n<a href=\"#\">\n<span>Acad\u00e9mico<\/span>\n<\/a>\n<\/li><li id=\"cmsmasters_tabs_list_item_69fcdc5439339\" class=\"cmsmasters_tabs_list_item\">\n<a href=\"#\">\n<span>Institucional<\/span>\n<\/a>\n<\/li><li id=\"cmsmasters_tabs_list_item_69fcdc5439423\" class=\"cmsmasters_tabs_list_item\">\n<a href=\"#\">\n<span>Student Right-To-Know<\/span>\n<\/a>\n<\/li><\/ul>\n<div class=\"cmsmasters_tabs_wrap\">\n<div id=\"cmsmasters_tab_69fcdc5439118\" class=\"cmsmasters_tab active_tab\">\n<div class=\"cmsmasters_tab_inner\">\n<ul>\n<li><a href=\"https:\/\/wearewebrything.com\/edptest\/wp-content\/uploads\/Manual-de-Estudiante-Revisado-febrero-2023-1.pdf\" target=\"_blank\" rel=\"noopener noreferrer\"><img fetchpriority=\"high\" decoding=\"async\" class=\"size-medium wp-image-32692 alignleft\" src=\"https:\/\/wearewebrything.com\/edptest\/wp-content\/uploads\/st_01-300x169.jpg\" alt=\"\" width=\"300\" height=\"169\" srcset=\"https:\/\/wearewebrything.com\/edptest\/wp-content\/uploads\/st_01-300x169.jpg 300w, https:\/\/wearewebrything.com\/edptest\/wp-content\/uploads\/st_01-768x432.jpg 768w, https:\/\/wearewebrything.com\/edptest\/wp-content\/uploads\/st_01-600x338.jpg 600w, https:\/\/wearewebrything.com\/edptest\/wp-content\/uploads\/st_01-580x326.jpg 580w, https:\/\/wearewebrything.com\/edptest\/wp-content\/uploads\/st_01-860x484.jpg 860w, https:\/\/wearewebrything.com\/edptest\/wp-content\/uploads\/st_01.jpg 960w\" sizes=\"(max-width: 300px) 100vw, 300px\" \/>Manual de Estudiante<\/a><\/li>\n<li><a href=\"https:\/\/wearewebrything.com\/edptest\/wp-content\/uploads\/Manual-de-Estudiante-Revisado-febrero-2023_ENG-1.pdf\" target=\"_blank\" rel=\"noopener\">Student Handbook<\/a><\/li>\n<li><a href=\"https:\/\/wearewebrything.com\/edptest\/wp-content\/uploads\/Politicas-y-Procedimiento-de-Servicios-para-Estudiantes-con-Diversidad-Funcional.pdf\" target=\"_blank\" rel=\"noopener noreferrer\">Politicas y Procedimiento de Servicios para Estudiantes con Diversidad Funcional\u00a0<\/a><\/li>\n<li><a href=\"https:\/\/wearewebrything.com\/edptest\/wp-content\/uploads\/2017\/05\/Politica-de-Bajas.pdf\" target=\"_blank\" rel=\"noopener noreferrer\">Pol\u00edticas de Baja<\/a><\/li>\n<li><a href=\"https:\/\/wearewebrything.com\/edptest\/wp-content\/uploads\/2017\/02\/FORMULARIO-de-Querellas-Asuntos-Estudiantiles-Academicos_WEB-Rev0.pdf\" target=\"_blank\" rel=\"noopener noreferrer\">Formulario de Querellas para Asuntos Estudiantiles y Acad\u00e9micos<\/a><\/li>\n<li><a href=\"https:\/\/wearewebrything.com\/edptest\/wp-content\/uploads\/Politica-de-Admision-Condicionada-007-2020.pdf\">Pol\u00edtica de Admisi\u00f3n Condicionada<\/a><\/li>\n<\/ul>\n<\/div>\n<\/div><div id=\"cmsmasters_tab_69fcdc5439258\" class=\"cmsmasters_tab\">\n<div class=\"cmsmasters_tab_inner\">\n<p><img decoding=\"async\" class=\"size-medium wp-image-31521 alignleft\" src=\"https:\/\/wearewebrything.com\/edptest\/wp-content\/uploads\/2017\/12\/st_02-300x169.jpg\" alt=\"\" width=\"300\" height=\"169\" srcset=\"https:\/\/wearewebrything.com\/edptest\/wp-content\/uploads\/2017\/12\/st_02-300x169.jpg 300w, https:\/\/wearewebrything.com\/edptest\/wp-content\/uploads\/2017\/12\/st_02-768x432.jpg 768w, https:\/\/wearewebrything.com\/edptest\/wp-content\/uploads\/2017\/12\/st_02-600x338.jpg 600w, https:\/\/wearewebrything.com\/edptest\/wp-content\/uploads\/2017\/12\/st_02-580x326.jpg 580w, https:\/\/wearewebrything.com\/edptest\/wp-content\/uploads\/2017\/12\/st_02-860x484.jpg 860w, https:\/\/wearewebrything.com\/edptest\/wp-content\/uploads\/2017\/12\/st_02.jpg 960w\" sizes=\"(max-width: 300px) 100vw, 300px\" \/><\/p>\n<ul>\n<li><a href=\"https:\/\/wearewebrything.com\/edptest\/wp-content\/uploads\/2017\/03\/EDP-Credit-Hour-Policy-Mayo-2016_Rev0.pdf\" target=\"_blank\" rel=\"noopener noreferrer\">Credit Hour Policy<\/a><\/li>\n<li><a href=\"https:\/\/wearewebrything.com\/edptest\/wp-content\/uploads\/Normas-y-politicas-del-programa-de-enfermeria.pdf\" target=\"_blank\" rel=\"noopener noreferrer\">Normas y Pol\u00edticas del Programa de Enfermer\u00eda<\/a><\/li>\n<li><a href=\"https:\/\/wearewebrything.com\/edptest\/wp-content\/uploads\/PAS.pdf\" target=\"_blank\" rel=\"noopener noreferrer\">Las Pol\u00edticas de Progreso Acad\u00e9mico Satisfactorio (PAS)<\/a><\/li>\n<li><a href=\"https:\/\/wearewebrything.com\/edptest\/wp-content\/uploads\/2017\/03\/Validacion-de-Credenciales-Academicos-de-la-Facultad.pdf\" target=\"_blank\" rel=\"noopener noreferrer\">Pol\u00edtica de Validaci\u00f3n de Credenciales Acad\u00e9micos de la Facultad de EDP University of Puerto Rico, Inc.<\/a><\/li>\n<li><a href=\"https:\/\/wearewebrything.com\/edptest\/wp-content\/uploads\/Transfer-Credit-Policy-revisada-junio-2019.pdf\" target=\"_blank\" rel=\"noopener noreferrer\">Pol\u00edtica de Convalidaci\u00f3n de Cr\u00e9ditos<\/a><\/li>\n<li><a href=\"https:\/\/wearewebrything.com\/edptest\/wp-content\/uploads\/Pol\u00edtica-sobre-Otorgar-Cr\u00e9dito-por-el-Aprendizaje-y-Conocimiento-Previamente-Adquirido.pdf\">Pol\u00edtica sobre Otorgar Cr\u00e9dito por el Aprendizaje y Conocimiento Previamente Adquirido\u00a0<\/a><\/li>\n<li><a href=\"https:\/\/wearewebrything.com\/edptest\/wp-content\/uploads\/Poli\u0301tica-Integridad-Acade\u0301mica.pdf\">Poli\u0301tica Integridad Acade\u0301mica<\/a><\/li>\n<\/ul>\n<\/div>\n<\/div><div id=\"cmsmasters_tab_69fcdc5439339\" class=\"cmsmasters_tab\">\n<div class=\"cmsmasters_tab_inner\">\n<p><img decoding=\"async\" class=\"size-medium wp-image-32693 alignleft\" src=\"https:\/\/wearewebrything.com\/edptest\/wp-content\/uploads\/st_03-300x169.jpg\" alt=\"\" width=\"300\" height=\"169\" srcset=\"https:\/\/wearewebrything.com\/edptest\/wp-content\/uploads\/st_03-300x169.jpg 300w, https:\/\/wearewebrything.com\/edptest\/wp-content\/uploads\/st_03-768x432.jpg 768w, https:\/\/wearewebrything.com\/edptest\/wp-content\/uploads\/st_03-600x338.jpg 600w, https:\/\/wearewebrything.com\/edptest\/wp-content\/uploads\/st_03-580x326.jpg 580w, https:\/\/wearewebrything.com\/edptest\/wp-content\/uploads\/st_03-860x484.jpg 860w, https:\/\/wearewebrything.com\/edptest\/wp-content\/uploads\/st_03.jpg 960w\" sizes=\"(max-width: 300px) 100vw, 300px\" \/><\/p>\n<ul>\n<li><a href=\"https:\/\/wearewebrything.com\/edptest\/wp-content\/uploads\/Politicas-y-procedimiento-presentacio\u0081n-de-querellas.pdf\" target=\"_blank\" rel=\"noopener noreferrer\">Pol\u00edticas y Procedimiento Presentaci\u00f3n de Querellas<\/a><\/li>\n<li><a href=\"https:\/\/wearewebrything.com\/edptest\/wp-content\/uploads\/Politica-para-Comunidad-Libre-de-Alcohol-Tabaco-y-Sustancias-Controladas_Enero-2018.pdf\" target=\"_blank\" rel=\"noopener noreferrer\">Pol\u00edtica y Programa para una Comunidad Universitaria Libre de Alcohol, Tabaco y Sustancias Controladas<\/a><\/li>\n<li><a href=\"https:\/\/wearewebrything.com\/edptest\/wp-content\/uploads\/Informe-Anual-de-Seguridad-2023.pdf\" target=\"_blank\" rel=\"noopener\">Pol\u00edtica y Procedimientos de Seguridad y Prevenci\u00f3n en el Campus Universitario<\/a><\/li>\n<li><a href=\"https:\/\/wearewebrything.com\/edptest\/wp-content\/uploads\/Politica-para-el-manejo-de-situaciones-de-violencia-domestica-en-el-centro-de-trabajo-y-centro-de-estudio.pdf\" target=\"_blank\" rel=\"noopener noreferrer\">Pol\u00edtica para el manejo de Situaciones de Violencia Dom\u00e9stica en el Centro de Trabajo y Centro de Estudio<\/a><\/li>\n<li><a href=\"https:\/\/wearewebrything.com\/edptest\/wp-content\/uploads\/Politica-para-casos-de-Violencia-Sexual-en-la-Institucion_Rev2017.pdf\" target=\"_blank\" rel=\"noopener noreferrer\">Pol\u00edticas y Procedimiento para el Manejo de Incidentes de Violencia Sexual<\/a><\/li>\n<li><a href=\"https:\/\/wearewebrything.com\/edptest\/wp-content\/uploads\/Politica-para-Prevenir-el-Hostigamiento-Sexual-en-la-Institucion-y-Proce....pdf\" target=\"_blank\" rel=\"noopener noreferrer\">Pol\u00edtica para Prevenir el Hostigamiento Sexual en la Instituci\u00f3n y Procedimiento para Atender Querellas de Hostigamiento Sexual<\/a><\/li>\n<li><a href=\"https:\/\/wearewebrything.com\/edptest\/wp-content\/uploads\/EDPU-Politica-de-Devolucion-Titulo-IV-001-2023.pdf\">Pol\u00edtica de Devoluci\u00f3n T\u00edtulo IV<\/a><\/li>\n<li><a href=\"https:\/\/wearewebrything.com\/edptest\/wp-content\/uploads\/Declaracion-de-Privacidad-de-Sitio-de-Internet.pdf\">Declaraci\u00f3n de Privacidad de Sitio de Internet y Correo Electr\u00f3nico<\/a><\/li>\n<li><a href=\"https:\/\/wearewebrything.com\/edptest\/wp-content\/uploads\/Politica-NO-Discrimen-Rev2020_Firmada.pdf\" target=\"_blank\" rel=\"noopener noreferrer\">Pol\u00edtica de No Discrimen, T\u00edtulo IX<\/a><\/li>\n<li><a href=\"https:\/\/wearewebrything.com\/edptest\/wp-content\/uploads\/Politica-y-Protocol-Institucional-para-el-Manejo-del-Acoso-Escolar_Rev2017.pdf\" target=\"_blank\" rel=\"noopener noreferrer\">Pol\u00edtica y Protocolo contra el Hostigamiento e Intimidaci\u00f3n y\/o &#8220;Bullying&#8221; en el Ambiente Universitario<\/a><\/li>\n<\/ul>\n<\/div>\n<\/div><div id=\"cmsmasters_tab_69fcdc5439423\" class=\"cmsmasters_tab\">\n<div class=\"cmsmasters_tab_inner\">\n<ul>\n<li><a href=\"https:\/\/wearewebrything.com\/edptest\/wp-content\/uploads\/NSLDS_-Official-Cohort-Default-Rate-Detail-View-2019-2018-2017.pdf\">Default Rate<\/a><\/li>\n<li>Tasas de retenci\u00f3n y graduaci\u00f3n <a href=\"https:\/\/nces.ed.gov\/collegenavigator\/?q=EDP+university&amp;s=PR\">(IPEDS):<\/a>\n<ul>\n<li><a href=\"https:\/\/nces.ed.gov\/collegenavigator\/?q=EDP+university&amp;s=PR&amp;id=243832\">Hato Rey\u00a0<\/a><\/li>\n<li><a href=\"https:\/\/nces.ed.gov\/collegenavigator\/?q=EDP+university&amp;s=PR&amp;id=241836\">San Sebasti\u00e1n<\/a><\/li>\n<li><a href=\"https:\/\/nces.ed.gov\/collegenavigator\/?q=EDP+university&amp;s=PR&amp;id=494287\">Manat\u00ed<\/a>\u00a0<\/li>\n<li><a href=\"https:\/\/nces.ed.gov\/collegenavigator\/?q=EDP+university&amp;s=PR&amp;id=494278\">Humacao\u00a0<\/a><\/li>\n<li><a href=\"https:\/\/nces.ed.gov\/collegenavigator\/?q=EDP+university&amp;s=PR&amp;id=492476\">Villalba<\/a><\/li>\n<\/ul>\n<\/li>\n<li>Ayudas Econ\u00f3micas disponibles si cualifica, para m\u00e1s informaci\u00f3n presione <a href=\"https:\/\/wearewebrything.com\/edptest\/ayudas-economicas\/\">aqu\u00ed.\u00a0<\/a><\/li>\n<\/ul>\n<\/div>\n<\/div><\/div>\n<\/div>\n<\/div>\n<\/div>\n<\/div>\n<\/div>\n<\/div>\n<\/div>\n<div id=\"cmsmasters_row_69fcdc5439511\" class=\"cmsmasters_row cmsmasters_color_scheme_default cmsmasters_row_top_default cmsmasters_row_bot_default cmsmasters_row_boxed\">\n<div class=\"cmsmasters_row_outer_parent\">\n<div class=\"cmsmasters_row_outer\">\n<div class=\"cmsmasters_row_inner\">\n<div class=\"cmsmasters_row_margin\">\n<div class=\"cmsmasters_column one_first\">\n<div class=\"cmsmasters_text\">\n<p><!-- wp:paragraph --><\/p>\n<p><!-- \/wp:paragraph --><\/p>\n<\/div>\n<\/div>\n<\/div>\n<\/div>\n<\/div>\n<\/div>\n<\/div>\n<\/p>\t\t\t\t\t\t<\/div>\n\t\t\t\t<\/div>\n\t\t\t\t\t<\/div>\n\t\t<\/div>\n\t\t\t\t\t<\/div>\n\t\t<\/section>\n\t\t\t\t<section class=\"elementor-section elementor-top-section elementor-element elementor-element-7bd9983 elementor-section-boxed elementor-section-height-default elementor-section-height-default\" data-id=\"7bd9983\" data-element_type=\"section\">\n\t\t\t\t\t\t<div class=\"elementor-container elementor-column-gap-default\">\n\t\t\t\t\t<div class=\"elementor-column elementor-col-100 elementor-top-column elementor-element elementor-element-172af5e\" data-id=\"172af5e\" data-element_type=\"column\">\n\t\t\t<div class=\"elementor-widget-wrap elementor-element-populated\">\n\t\t\t\t\t\t<div class=\"elementor-element elementor-element-fb44b76 elementor-widget-divider--view-line elementor-widget elementor-widget-divider\" data-id=\"fb44b76\" data-element_type=\"widget\" data-widget_type=\"divider.default\">\n\t\t\t\t<div class=\"elementor-widget-container\">\n\t\t\t\t\t<div class=\"elementor-divider\">\n\t\t\t<span class=\"elementor-divider-separator\">\n\t\t\t\t\t\t<\/span>\n\t\t<\/div>\n\t\t\t\t<\/div>\n\t\t\t\t<\/div>\n\t\t\t\t\t<\/div>\n\t\t<\/div>\n\t\t\t\t\t<\/div>\n\t\t<\/section>\n\t\t\t\t<section class=\"elementor-section elementor-top-section elementor-element elementor-element-1ff4075 elementor-section-boxed elementor-section-height-default elementor-section-height-default\" data-id=\"1ff4075\" data-element_type=\"section\">\n\t\t\t\t\t\t<div class=\"elementor-container elementor-column-gap-default\">\n\t\t\t\t\t<div class=\"elementor-column elementor-col-100 elementor-top-column elementor-element elementor-element-d763e1c\" data-id=\"d763e1c\" data-element_type=\"column\">\n\t\t\t<div class=\"elementor-widget-wrap elementor-element-populated\">\n\t\t\t\t\t\t<div class=\"elementor-element elementor-element-71a1f47 elementor-widget elementor-widget-accordion\" data-id=\"71a1f47\" data-element_type=\"widget\" data-widget_type=\"accordion.default\">\n\t\t\t\t<div class=\"elementor-widget-container\">\n\t\t\t\t\t<div class=\"elementor-accordion\">\n\t\t\t\t\t\t\t<div class=\"elementor-accordion-item\">\n\t\t\t\t\t<div id=\"elementor-tab-title-1191\" class=\"elementor-tab-title\" data-tab=\"1\" role=\"button\" aria-controls=\"elementor-tab-content-1191\" aria-expanded=\"false\">\n\t\t\t\t\t\t\t\t\t\t\t\t\t<span class=\"elementor-accordion-icon elementor-accordion-icon-left\" aria-hidden=\"true\">\n\t\t\t\t\t\t\t\t\t\t\t\t\t\t\t<span class=\"elementor-accordion-icon-closed\"><i class=\"far fa-calendar-check\"><\/i><\/span>\n\t\t\t\t\t\t\t\t<span class=\"elementor-accordion-icon-opened\"><i class=\"fas fa-minus\"><\/i><\/span>\n\t\t\t\t\t\t\t\t\t\t\t\t\t\t<\/span>\n\t\t\t\t\t\t\t\t\t\t\t\t<a class=\"elementor-accordion-title\" tabindex=\"0\">Cat\u00e1logos<\/a>\n\t\t\t\t\t<\/div>\n\t\t\t\t\t<div id=\"elementor-tab-content-1191\" class=\"elementor-tab-content elementor-clearfix\" data-tab=\"1\" role=\"region\" aria-labelledby=\"elementor-tab-title-1191\"><div class=\"cmsmasters_text\">\n<h3>\u00a0<\/h3>\n<h4><a href=\"https:\/\/wearewebrything.com\/edptest\/wp-content\/uploads\/Undergraduate-Catalog-2023-2027-ABRIL-22-2024.pdf\" target=\"_blank\" rel=\"noopener noreferrer\">Cat\u00e1logo Sub-graduado 2023-2027<\/a><\/h4>\n<\/div>\n<h4><a href=\"https:\/\/wearewebrything.com\/edptest\/wp-content\/uploads\/Graduate-Catalog-2023-2027-ABRIL-5-2024-1.pdf\" target=\"_blank\" rel=\"noopener noreferrer\">Cat\u00e1logo Graduado 2023-2027<\/a><\/h4>\n<h4>\u00a0<\/h4><\/div>\n\t\t\t\t<\/div>\n\t\t\t\t\t\t\t<div class=\"elementor-accordion-item\">\n\t\t\t\t\t<div id=\"elementor-tab-title-1192\" class=\"elementor-tab-title\" data-tab=\"2\" role=\"button\" aria-controls=\"elementor-tab-content-1192\" aria-expanded=\"false\">\n\t\t\t\t\t\t\t\t\t\t\t\t\t<span class=\"elementor-accordion-icon elementor-accordion-icon-left\" aria-hidden=\"true\">\n\t\t\t\t\t\t\t\t\t\t\t\t\t\t\t<span class=\"elementor-accordion-icon-closed\"><i class=\"far fa-calendar-check\"><\/i><\/span>\n\t\t\t\t\t\t\t\t<span class=\"elementor-accordion-icon-opened\"><i class=\"fas fa-minus\"><\/i><\/span>\n\t\t\t\t\t\t\t\t\t\t\t\t\t\t<\/span>\n\t\t\t\t\t\t\t\t\t\t\t\t<a class=\"elementor-accordion-title\" tabindex=\"0\">Calendarios Acad\u00e9micos<\/a>\n\t\t\t\t\t<\/div>\n\t\t\t\t\t<div id=\"elementor-tab-content-1192\" class=\"elementor-tab-content elementor-clearfix\" data-tab=\"2\" role=\"region\" aria-labelledby=\"elementor-tab-title-1192\"><h4>\u00a0<\/h4>\n<h4><a href=\"https:\/\/wearewebrything.com\/edptest\/wp-content\/uploads\/Calendario-Academico-SPRING-2024.pdf\">Calendario Acad\u00e9mico &#8211; SPRING 2024<\/a><\/h4>\n<h4><a href=\"https:\/\/wearewebrything.com\/edptest\/wp-content\/uploads\/Calendario-Academico-SUMMER-2024.pdf\">Calendario Acad\u00e9mico &#8211; SUMMER 2024<\/a><\/h4>\n<p>\u00a0<\/p><\/div>\n\t\t\t\t<\/div>\n\t\t\t\t\t\t\t\t<\/div>\n\t\t\t\t<\/div>\n\t\t\t\t<\/div>\n\t\t\t\t<div class=\"elementor-element elementor-element-dbc3c52 elementor-widget elementor-widget-spacer\" data-id=\"dbc3c52\" data-element_type=\"widget\" data-widget_type=\"spacer.default\">\n\t\t\t\t<div class=\"elementor-widget-container\">\n\t\t\t\t\t<div class=\"elementor-spacer\">\n\t\t\t<div class=\"elementor-spacer-inner\"><\/div>\n\t\t<\/div>\n\t\t\t\t<\/div>\n\t\t\t\t<\/div>\n\t\t\t\t\t<\/div>\n\t\t<\/div>\n\t\t\t\t\t<\/div>\n\t\t<\/section>\n\t\t\t\t<\/div>\n\t\t","protected":false},"excerpt":{"rendered":"<p>Cat\u00e1logos \u00a0 Cat\u00e1logo Sub-graduado 2023-2027 Cat\u00e1logo Graduado 2023-2027 \u00a0 Calendarios Acad\u00e9micos \u00a0 Calendario Acad\u00e9mico &#8211; SPRING 2024 Calendario Acad\u00e9mico &#8211; SUMMER 2024 \u00a0<\/p>\n","protected":false},"author":8,"featured_media":0,"parent":0,"menu_order":0,"comment_status":"closed","ping_status":"closed","template":"","meta":{"_monsterinsights_skip_tracking":false,"_monsterinsights_sitenote_active":false,"_monsterinsights_sitenote_note":"","_monsterinsights_sitenote_category":0,"footnotes":""},"_links":{"self":[{"href":"https:\/\/wearewebrything.com\/edptest\/wp-json\/wp\/v2\/pages\/26760"}],"collection":[{"href":"https:\/\/wearewebrything.com\/edptest\/wp-json\/wp\/v2\/pages"}],"about":[{"href":"https:\/\/wearewebrything.com\/edptest\/wp-json\/wp\/v2\/types\/page"}],"author":[{"embeddable":true,"href":"https:\/\/wearewebrything.com\/edptest\/wp-json\/wp\/v2\/users\/8"}],"replies":[{"embeddable":true,"href":"https:\/\/wearewebrything.com\/edptest\/wp-json\/wp\/v2\/comments?post=26760"}],"version-history":[{"count":99,"href":"https:\/\/wearewebrything.com\/edptest\/wp-json\/wp\/v2\/pages\/26760\/revisions"}],"predecessor-version":[{"id":42965,"href":"https:\/\/wearewebrything.com\/edptest\/wp-json\/wp\/v2\/pages\/26760\/revisions\/42965"}],"wp:attachment":[{"href":"https:\/\/wearewebrything.com\/edptest\/wp-json\/wp\/v2\/media?parent=26760"}],"curies":[{"name":"wp","href":"https:\/\/api.w.org\/{rel}","templated":true}]}}