{"id":26896,"date":"2017-03-03T16:32:45","date_gmt":"2017-03-03T20:32:45","guid":{"rendered":"https:\/\/wearewebrything.com\/edptest\/?page_id=26896"},"modified":"2023-06-27T16:18:10","modified_gmt":"2023-06-27T20:18:10","slug":"kids_edp","status":"publish","type":"page","link":"https:\/\/wearewebrything.com\/edptest\/kids-edp\/","title":{"rendered":"KIDS@EDP"},"content":{"rendered":"<style type=\"text\/css\"> \n#cmsmasters_row_69fd32485a1bd { \n\tbackground-image: url(https:\/\/wearewebrything.com\/edptest\/wp-content\/uploads\/Banner-Servicios-al-Estudiante-1.png); \n\tbackground-position: top center; \n\tbackground-repeat: no-repeat; \n\tbackground-attachment: scroll; \n\tbackground-size: cover; \n} \n\n#cmsmasters_row_69fd32485a1bd .cmsmasters_row_outer_parent { \n\tpadding-top: 80px; \n} \n\n#cmsmasters_row_69fd32485a1bd .cmsmasters_row_outer_parent { \n\tpadding-bottom: 80px; \n} \n\n#cmsmasters_row_69fd32485a1bd .cmsmasters_row_overlay { \n\tbackground-color:rgba(37,37,49,0.1);\n} \n\n \n#cmsmasters_heading_69fd32485a9f5 { \n\ttext-align:left; \n\tmargin-top:30px; \n\tmargin-bottom:30px; \n} \n\n#cmsmasters_heading_69fd32485a9f5 .cmsmasters_heading { \n\ttext-align:left; \n} \n\n#cmsmasters_heading_69fd32485a9f5 .cmsmasters_heading, #cmsmasters_heading_69fd32485a9f5 .cmsmasters_heading a { \n\tfont-size:50px; \n\tline-height:90px; \n\tfont-weight:300; \n\tfont-style:normal; \n\tcolor:#ffffff;\n} \n\n#cmsmasters_heading_69fd32485a9f5 .cmsmasters_heading_divider { \n} \n\n \n#cmsmasters_row_69fd32485abf1 .cmsmasters_row_outer_parent { \n\tpadding-top: 50px; \n} \n\n#cmsmasters_row_69fd32485abf1 .cmsmasters_row_outer_parent { \n\tpadding-bottom: 0px; \n} \n\n<\/style>\t\t<div data-elementor-type=\"wp-page\" data-elementor-id=\"26896\" class=\"elementor elementor-26896\" data-elementor-post-type=\"page\">\n\t\t\t\t\t\t<section class=\"elementor-section elementor-top-section elementor-element elementor-element-4a6a14f0 elementor-section-boxed elementor-section-height-default elementor-section-height-default\" data-id=\"4a6a14f0\" data-element_type=\"section\">\n\t\t\t\t\t\t<div class=\"elementor-container elementor-column-gap-default\">\n\t\t\t\t\t<div class=\"elementor-column elementor-col-100 elementor-top-column elementor-element elementor-element-3c97a47\" data-id=\"3c97a47\" data-element_type=\"column\">\n\t\t\t<div class=\"elementor-widget-wrap elementor-element-populated\">\n\t\t\t\t\t\t<div class=\"elementor-element elementor-element-23eaa342 elementor-widget elementor-widget-text-editor\" data-id=\"23eaa342\" data-element_type=\"widget\" data-widget_type=\"text-editor.default\">\n\t\t\t\t<div class=\"elementor-widget-container\">\n\t\t\t\t\t\t\t<p><div id=\"cmsmasters_row_69fd32485a1bd\" class=\"cmsmasters_row cmsmasters_color_scheme_default cmsmasters_row_top_default cmsmasters_row_bot_default cmsmasters_row_boxed\">\n<div class=\"cmsmasters_row_outer_parent\">\n<div class=\"cmsmasters_row_overlay\"><\/div>\n<div class=\"cmsmasters_row_outer\">\n<div class=\"cmsmasters_row_inner\">\n<div class=\"cmsmasters_row_margin\">\n<div class=\"cmsmasters_column one_first\">\n\n<div id=\"cmsmasters_heading_69fd32485a9f5\" class=\"cmsmasters_heading_wrap cmsmasters_heading_align_left\">\n\t<h1 class=\"cmsmasters_heading\">SERVICIOS AL ESTUDIANTE<\/h1>\n<\/div>\n<\/div>\n<\/div>\n<\/div>\n<\/div>\n<\/div>\n<\/div>\n<div id=\"cmsmasters_row_69fd32485abf1\" class=\"cmsmasters_row cmsmasters_color_scheme_default cmsmasters_row_top_default cmsmasters_row_bot_default cmsmasters_row_boxed\">\n<div class=\"cmsmasters_row_outer_parent\">\n<div class=\"cmsmasters_row_outer\">\n<div class=\"cmsmasters_row_inner\">\n<div class=\"cmsmasters_row_margin\">\n<\/div>\n<\/div>\n<\/div>\n<\/div>\n<\/div>\n<div class=\"cmsmasters_column one_first\">\n<\/div>\n<div class=\"cmsmasters_text\">\n<\/div>\n<\/p>\t\t\t\t\t\t<\/div>\n\t\t\t\t<\/div>\n\t\t\t\t\t<\/div>\n\t\t<\/div>\n\t\t\t\t\t<\/div>\n\t\t<\/section>\n\t\t\t\t<section class=\"elementor-section elementor-top-section elementor-element elementor-element-822df58 elementor-section-boxed elementor-section-height-default elementor-section-height-default\" data-id=\"822df58\" data-element_type=\"section\">\n\t\t\t\t\t\t<div class=\"elementor-container elementor-column-gap-default\">\n\t\t\t\t\t<div class=\"elementor-column elementor-col-100 elementor-top-column elementor-element elementor-element-a84265b\" data-id=\"a84265b\" data-element_type=\"column\">\n\t\t\t<div class=\"elementor-widget-wrap elementor-element-populated\">\n\t\t\t\t\t\t<div class=\"elementor-element elementor-element-77a2fc7 elementor-widget elementor-widget-text-editor\" data-id=\"77a2fc7\" data-element_type=\"widget\" data-widget_type=\"text-editor.default\">\n\t\t\t\t<div class=\"elementor-widget-container\">\n\t\t\t\t\t\t\t<p><a href=\"https:\/\/wearewebrything.com\/edptest\/wp-content\/uploads\/Kids@edplogo-2.jpg\"><img decoding=\"async\" class=\" wp-image-41485 alignleft\" src=\"https:\/\/wearewebrything.com\/edptest\/wp-content\/uploads\/Kids@edplogo-2.jpg\" alt=\"\" width=\"230\" height=\"170\" srcset=\"https:\/\/wearewebrything.com\/edptest\/wp-content\/uploads\/Kids@edplogo-2.jpg 589w, https:\/\/wearewebrything.com\/edptest\/wp-content\/uploads\/Kids@edplogo-2-300x222.jpg 300w, https:\/\/wearewebrything.com\/edptest\/wp-content\/uploads\/Kids@edplogo-2-580x428.jpg 580w\" sizes=\"(max-width: 230px) 100vw, 230px\" \/><\/a>Con la intenci\u00f3n de ayudar a los estudiantes de la Universidad en el cuido de sus hijos mientras \u00e9stos estudian, se establece el Centro de Cuidado y Desarrollo Integral de la Ni\u00f1ez Kids@EDP University of Puerto Rico, del Recinto de San Sebasti\u00e1n. Los servicios son \u00a0de \u00edndole recreativo y educativo. Atiende a ni\u00f1os entre las edades de 2 meses hasta los 4 a\u00f1os con 11 meses, libre de costos. El centro tiene un horario de lunes a viernes de 7:10am a 5:00pm. De lunes a jueves, se extiende el horario hasta las 9:00pm para ofrecer servicios de tutor\u00edas a ni\u00f1os en las edades de 5 a 12 a\u00f1os.<\/p><p>Los ni\u00f1os reciben los servicios de desayuno y almuerzo. Las meriendas son provistas por los padres.<\/p><p>Estudiantes interesados en recibir los servicios de cuido deber\u00e1n completar y entregar los documentos requeridos\u00a0 y copia de su matr\u00edcula como estudiante de EDP University.<\/p>\t\t\t\t\t\t<\/div>\n\t\t\t\t<\/div>\n\t\t\t\t<div class=\"elementor-element elementor-element-999fa4a elementor-widget elementor-widget-heading\" data-id=\"999fa4a\" data-element_type=\"widget\" data-widget_type=\"heading.default\">\n\t\t\t\t<div class=\"elementor-widget-container\">\n\t\t\t<h5 class=\"elementor-heading-title elementor-size-default\">Cont\u00e1ctanos<\/h5>\t\t<\/div>\n\t\t\t\t<\/div>\n\t\t\t\t\t<\/div>\n\t\t<\/div>\n\t\t\t\t\t<\/div>\n\t\t<\/section>\n\t\t\t\t<section class=\"elementor-section elementor-top-section elementor-element elementor-element-0a731da elementor-section-boxed elementor-section-height-default elementor-section-height-default\" data-id=\"0a731da\" data-element_type=\"section\">\n\t\t\t\t\t\t<div class=\"elementor-container elementor-column-gap-default\">\n\t\t\t\t\t<div class=\"elementor-column elementor-col-100 elementor-top-column elementor-element elementor-element-6953cf4\" data-id=\"6953cf4\" data-element_type=\"column\">\n\t\t\t<div class=\"elementor-widget-wrap elementor-element-populated\">\n\t\t\t\t\t\t<div class=\"elementor-element elementor-element-e68e7a4 elementor-icon-list--layout-traditional elementor-list-item-link-full_width elementor-widget elementor-widget-icon-list\" data-id=\"e68e7a4\" data-element_type=\"widget\" data-widget_type=\"icon-list.default\">\n\t\t\t\t<div class=\"elementor-widget-container\">\n\t\t\t\t\t<ul class=\"elementor-icon-list-items\">\n\t\t\t\t\t\t\t<li class=\"elementor-icon-list-item\">\n\t\t\t\t\t\t\t\t\t\t\t<span class=\"elementor-icon-list-icon\">\n\t\t\t\t\t\t\t<i aria-hidden=\"true\" class=\"fas fa-user\"><\/i>\t\t\t\t\t\t<\/span>\n\t\t\t\t\t\t\t\t\t\t<span class=\"elementor-icon-list-text\">Sra. Teresa Soto Amadeo<\/span>\n\t\t\t\t\t\t\t\t\t<\/li>\n\t\t\t\t\t\t\t\t<li class=\"elementor-icon-list-item\">\n\t\t\t\t\t\t\t\t\t\t\t<span class=\"elementor-icon-list-icon\">\n\t\t\t\t\t\t\t<i aria-hidden=\"true\" class=\"far fa-folder-open\"><\/i>\t\t\t\t\t\t<\/span>\n\t\t\t\t\t\t\t\t\t\t<span class=\"elementor-icon-list-text\">Directora Kids@EDP, Recinto de San Sebasti\u00e1n<\/span>\n\t\t\t\t\t\t\t\t\t<\/li>\n\t\t\t\t\t\t\t\t<li class=\"elementor-icon-list-item\">\n\t\t\t\t\t\t\t\t\t\t\t<span class=\"elementor-icon-list-icon\">\n\t\t\t\t\t\t\t<i aria-hidden=\"true\" class=\"fas fa-phone\"><\/i>\t\t\t\t\t\t<\/span>\n\t\t\t\t\t\t\t\t\t\t<span class=\"elementor-icon-list-text\">(787) 896-2252 Ext. 3316, 3317<\/span>\n\t\t\t\t\t\t\t\t\t<\/li>\n\t\t\t\t\t\t\t\t<li class=\"elementor-icon-list-item\">\n\t\t\t\t\t\t\t\t\t\t\t<span class=\"elementor-icon-list-icon\">\n\t\t\t\t\t\t\t<i aria-hidden=\"true\" class=\"far fa-envelope\"><\/i>\t\t\t\t\t\t<\/span>\n\t\t\t\t\t\t\t\t\t\t<span class=\"elementor-icon-list-text\">kids_sansebastian@wearewebrything.com<\/span>\n\t\t\t\t\t\t\t\t\t<\/li>\n\t\t\t\t\t\t\t\t<li class=\"elementor-icon-list-item\">\n\t\t\t\t\t\t\t\t\t\t\t<span class=\"elementor-icon-list-icon\">\n\t\t\t\t\t\t\t<i aria-hidden=\"true\" class=\"fas fa-envelope\"><\/i>\t\t\t\t\t\t<\/span>\n\t\t\t\t\t\t\t\t\t\t<span class=\"elementor-icon-list-text\">tsoto@wearewebrything.com<\/span>\n\t\t\t\t\t\t\t\t\t<\/li>\n\t\t\t\t\t\t<\/ul>\n\t\t\t\t<\/div>\n\t\t\t\t<\/div>\n\t\t\t\t\t<\/div>\n\t\t<\/div>\n\t\t\t\t\t<\/div>\n\t\t<\/section>\n\t\t\t\t<\/div>\n\t\t","protected":false},"excerpt":{"rendered":"<p>Con la intenci\u00f3n de ayudar a los estudiantes de la Universidad en el cuido de sus hijos mientras \u00e9stos estudian, se establece el Centro de Cuidado y Desarrollo Integral de la Ni\u00f1ez Kids@EDP University of Puerto Rico, del Recinto de San Sebasti\u00e1n. Los servicios son \u00a0de \u00edndole recreativo y educativo. Atiende a ni\u00f1os entre las&#8230;<\/p>\n","protected":false},"author":8,"featured_media":0,"parent":0,"menu_order":0,"comment_status":"closed","ping_status":"closed","template":"","meta":{"_monsterinsights_skip_tracking":false,"_monsterinsights_sitenote_active":false,"_monsterinsights_sitenote_note":"","_monsterinsights_sitenote_category":0,"footnotes":""},"_links":{"self":[{"href":"https:\/\/wearewebrything.com\/edptest\/wp-json\/wp\/v2\/pages\/26896"}],"collection":[{"href":"https:\/\/wearewebrything.com\/edptest\/wp-json\/wp\/v2\/pages"}],"about":[{"href":"https:\/\/wearewebrything.com\/edptest\/wp-json\/wp\/v2\/types\/page"}],"author":[{"embeddable":true,"href":"https:\/\/wearewebrything.com\/edptest\/wp-json\/wp\/v2\/users\/8"}],"replies":[{"embeddable":true,"href":"https:\/\/wearewebrything.com\/edptest\/wp-json\/wp\/v2\/comments?post=26896"}],"version-history":[{"count":15,"href":"https:\/\/wearewebrything.com\/edptest\/wp-json\/wp\/v2\/pages\/26896\/revisions"}],"predecessor-version":[{"id":41501,"href":"https:\/\/wearewebrything.com\/edptest\/wp-json\/wp\/v2\/pages\/26896\/revisions\/41501"}],"wp:attachment":[{"href":"https:\/\/wearewebrything.com\/edptest\/wp-json\/wp\/v2\/media?parent=26896"}],"curies":[{"name":"wp","href":"https:\/\/api.w.org\/{rel}","templated":true}]}}