{"id":26937,"date":"2017-03-06T10:16:07","date_gmt":"2017-03-06T14:16:07","guid":{"rendered":"https:\/\/wearewebrything.com\/edptest\/?page_id=26937"},"modified":"2021-07-04T21:16:56","modified_gmt":"2021-07-05T01:16:56","slug":"publicaciones","status":"publish","type":"page","link":"https:\/\/wearewebrything.com\/edptest\/publicaciones\/","title":{"rendered":"Publicaciones"},"content":{"rendered":"<style type=\"text\/css\"> \n#cmsmasters_row_69fdb267c13f9 { \n\tbackground-image: url(https:\/\/wearewebrything.com\/edptest\/wp-content\/uploads\/Banner-Sobre-Nosotros-2.png); \n\tbackground-position: top center; \n\tbackground-repeat: no-repeat; \n\tbackground-attachment: scroll; \n\tbackground-size: cover; \n} \n\n#cmsmasters_row_69fdb267c13f9 .cmsmasters_row_outer_parent { \n\tpadding-top: 80px; \n} \n\n#cmsmasters_row_69fdb267c13f9 .cmsmasters_row_outer_parent { \n\tpadding-bottom: 80px; \n} \n\n#cmsmasters_row_69fdb267c13f9 .cmsmasters_row_overlay { \n\tbackground-color:rgba(37,37,49,0.1);\n} \n\n \n#cmsmasters_heading_69fdb267c1876 { \n\ttext-align:left; \n\tmargin-top:70px; \n\tmargin-bottom:70px; \n} \n\n#cmsmasters_heading_69fdb267c1876 .cmsmasters_heading { \n\ttext-align:left; \n} \n\n#cmsmasters_heading_69fdb267c1876 .cmsmasters_heading, #cmsmasters_heading_69fdb267c1876 .cmsmasters_heading a { \n\tfont-size:50px; \n\tline-height:90px; \n\tfont-weight:300; \n\tfont-style:normal; \n\tcolor:#ffffff;\n} \n\n#cmsmasters_heading_69fdb267c1876 .cmsmasters_heading_divider { \n} \n\n \n#cmsmasters_row_69fdb267c1a72 { \n\tbackground-color:#fafafa;\n} \n\n#cmsmasters_row_69fdb267c1a72 .cmsmasters_row_outer_parent { \n\tpadding-top: 50px; \n} \n\n#cmsmasters_row_69fdb267c1a72 .cmsmasters_row_outer_parent { \n\tpadding-bottom: 50px; \n} \n\n \n#cmsmasters_heading_69fdb267c1c58 { \n\ttext-align:left; \n\tmargin-top:0px; \n\tmargin-bottom:40px; \n} \n\n#cmsmasters_heading_69fdb267c1c58 .cmsmasters_heading { \n\ttext-align:left; \n} \n\n#cmsmasters_heading_69fdb267c1c58 .cmsmasters_heading, #cmsmasters_heading_69fdb267c1c58 .cmsmasters_heading a { \n\tfont-size:26px; \n\tfont-weight:300; \n\tfont-style:normal; \n\tcolor:#108e9e;\n} \n\n#cmsmasters_heading_69fdb267c1c58 .cmsmasters_heading_divider { \n} \n\n<\/style><div id=\"cmsmasters_row_69fdb267c13f9\" class=\"cmsmasters_row cmsmasters_color_scheme_default cmsmasters_row_top_default cmsmasters_row_bot_default cmsmasters_row_boxed\">\n<div class=\"cmsmasters_row_outer_parent\">\n<div class=\"cmsmasters_row_overlay\"><\/div>\n<div class=\"cmsmasters_row_outer\">\n<div class=\"cmsmasters_row_inner\">\n<div class=\"cmsmasters_row_margin\">\n<div class=\"cmsmasters_column one_first\">\n\n<div id=\"cmsmasters_heading_69fdb267c1876\" class=\"cmsmasters_heading_wrap cmsmasters_heading_align_left\">\n\t<h1 class=\"cmsmasters_heading\">PUBLICACIONES<\/h1>\n<\/div>\n<\/div>\n<\/div>\n<\/div>\n<\/div>\n<\/div>\n<\/div>\n<div id=\"cmsmasters_row_69fdb267c1a72\" class=\"cmsmasters_row cmsmasters_color_scheme_default cmsmasters_row_top_default cmsmasters_row_bot_default cmsmasters_row_boxed\">\n<div class=\"cmsmasters_row_outer_parent\">\n<div class=\"cmsmasters_row_outer\">\n<div class=\"cmsmasters_row_inner\">\n<div class=\"cmsmasters_row_margin\">\n<div class=\"cmsmasters_column one_first\">\n\n<div id=\"cmsmasters_heading_69fdb267c1c58\" class=\"cmsmasters_heading_wrap cmsmasters_heading_align_left\">\n\t<h2 class=\"cmsmasters_heading\">Comunidad universitaria creativa y reflexiva.<\/h2>\n<\/div><div class=\"cmsmasters_text\">\n<p><strong>Editorial EDP<\/strong><\/p>\n<p>La editorial EDP University nace con el prop\u00f3sito de crear espacios para la difusi\u00f3n del pensar intelectual, acad\u00e9mico, hist\u00f3rico y literario de Puerto Rico. Esta divisi\u00f3n Editorial es parte del perfil socio-human\u00edstico que caracteriza nuestra visi\u00f3n universitaria. Contamos con diversas publicaciones de inter\u00e9s general, entre las cuales se encuentran libros infantiles, juveniles, de historia y \u00a0de literatura en general. Nuestro cat\u00e1logo cuenta con escritores nacionales e internacionales, que abrazan los esfuerzos de brindarle a la sociedad nuevas perspectivas de conocimiento.<strong> \u00a0<\/strong><\/p>\n<p>Adem\u00e1s, contamos con la publicaci\u00f3n peri\u00f3dica <strong>Revista Academia<\/strong>. Esta revista es una publicaci\u00f3n semestral de car\u00e1cter multidisciplinario que pretende aportar un espacio de discusi\u00f3n universitaria y que permite la divulgaci\u00f3n de contenido creativo, investigativo y reflexivo, entre otros temas de inter\u00e9s acad\u00e9mico e intelectual. Esta publicaci\u00f3n aspira a propiciar un ambiente creativo y cr\u00edtico en la comunidad universitaria.<\/p>\n<p>\u2022 \u201cColecci\u00f3n Honoris Causa\u201d<br \/>\nNuestro fundador y primer presidente, An\u00edbal Nieves Nieves, reconoc\u00eda la obra de diversos humanistas o pilares destacados en el desarrollo de la cultura puertorrique\u00f1a desde variados escenarios. Esta colecci\u00f3n presentar\u00e1 a la luz p\u00fablica algunas de las obras de las diversas personalidades que recibieron tan magna distinci\u00f3n por parte de nuestra Instituci\u00f3n.<\/p>\n<p>\u2022 Amor, humor y literatura de Salvador Ti\u00f3<br \/>\nCon esta publicaci\u00f3n inauguramos la Colecci\u00f3n Honoris Causa. El recaudo obtenido de la venta de los libros estar\u00e1 dirigido a crear la Beca Salvador Ti\u00f3, como parte de los esfuerzos de la Fundaci\u00f3n Universitaria An\u00edbal Nieves Nieves (FUANNI).<\/p>\n<p>La obra dilecta de este escritor puertorrique\u00f1o es una muestra de conciencia cultural, ling\u00fc\u00edstica y de amor a su patria. Este libro re\u00fane una serie de conferencias y art\u00edculos in\u00e9ditos de este palad\u00edn de nuestras letras. Es un intento de rescatar de los espacios olvidados en la literatura puertorrique\u00f1a, los grandes autores que la han honrado con la calidad de su trabajo. Su hija Elsa Ti\u00f3, tambi\u00e9n poeta y escritora, ha dedicado gran parte de su vida a \u201cespantar el olvido\u201d como ella misma ha subrayado en innumerables ocasiones. Su objetivo principal es recopilar y publicar el vasto acervo literario de su padre, entre los que existen trabajos in\u00e9ditos de ensayos, columnas period\u00edsticas y poes\u00eda.<\/p>\n<p>\u2022 Cuando un Hombre Merece la Vida de Prof. Edgardo Machuca<br \/>\nBiograf\u00eda acerca del fundador de EDP, el Ing. An\u00edbal Nieves Nieves. Sobre el libro, dice el Lcdo. Ismael Betancourt: &#8220;Se acerca a su esp\u00edritu de lucha a sus a\u00f1os dedicados por completo al proyecto que visualiz\u00f3 prendido al \u00e9xito. Luego de 40 a\u00f1os, EDP es una motivaci\u00f3n de primera, \u00fanica en su clase, que ha graduado a miles de estudiantes que hoy contribuyen al crecimiento econ\u00f3mico y profesional de la Isla. Les digo esto s\u00f3lo para significar que el \u00e9xito de los seres humanos depende en gran medida de su capacidad para superarse y de vivir siempre integrados a su familia y a su pa\u00eds. Porque patriotas no son los que hablan mucho y dicen lo que hay que hacer, sino los que hacen lo que tienen que hacer&#8221;.<\/p>\n<p><strong>Pol\u00edtica Editorial<\/strong><br \/>\n\u2022 Las colaboraciones deben ser originales e in\u00e9ditas.<br \/>\n\u2022 Se aceptar\u00e1n trabajos de creaci\u00f3n literaria, investigaci\u00f3n acad\u00e9mica, rese\u00f1as, cr\u00edticas y otros textos. No se establece un m\u00ednimo de p\u00e1ginas para las colaboraciones de creaci\u00f3n literaria y rese\u00f1as cr\u00edticas. En los trabajos de investigaci\u00f3n se recomienda un m\u00e1ximo de 30 p\u00e1ginas por cada trabajo presentado.<br \/>\n\u2022 Cada original deber\u00e1 estar acompa\u00f1ado del nombre, direcci\u00f3n postal, correo electr\u00f3nico, una breve rese\u00f1a biogr\u00e1fica y foto del autor.<br \/>\n\u2022 Los trabajos se enviar\u00e1n al correo electr\u00f3nico emachuca@wearewebrything.com<br \/>\n\u2022 Los autores de los trabajos aceptados para publicaci\u00f3n ser\u00e1n notificados a trav\u00e9s de correo electr\u00f3nico.<br \/>\n\u2022 Las publicaciones no ser\u00e1n remuneradas econ\u00f3micamente, por ser una revista de una instituci\u00f3n universitaria con fines no pecuniarios.<\/p>\n<\/div>\n<\/div>\n<\/div>\n<\/div>\n<\/div>\n<\/div>\n<\/div>\n\n","protected":false},"excerpt":{"rendered":"","protected":false},"author":8,"featured_media":0,"parent":0,"menu_order":0,"comment_status":"closed","ping_status":"closed","template":"","meta":{"_monsterinsights_skip_tracking":false,"_monsterinsights_sitenote_active":false,"_monsterinsights_sitenote_note":"","_monsterinsights_sitenote_category":0,"footnotes":""},"_links":{"self":[{"href":"https:\/\/wearewebrything.com\/edptest\/wp-json\/wp\/v2\/pages\/26937"}],"collection":[{"href":"https:\/\/wearewebrything.com\/edptest\/wp-json\/wp\/v2\/pages"}],"about":[{"href":"https:\/\/wearewebrything.com\/edptest\/wp-json\/wp\/v2\/types\/page"}],"author":[{"embeddable":true,"href":"https:\/\/wearewebrything.com\/edptest\/wp-json\/wp\/v2\/users\/8"}],"replies":[{"embeddable":true,"href":"https:\/\/wearewebrything.com\/edptest\/wp-json\/wp\/v2\/comments?post=26937"}],"version-history":[{"count":0,"href":"https:\/\/wearewebrything.com\/edptest\/wp-json\/wp\/v2\/pages\/26937\/revisions"}],"wp:attachment":[{"href":"https:\/\/wearewebrything.com\/edptest\/wp-json\/wp\/v2\/media?parent=26937"}],"curies":[{"name":"wp","href":"https:\/\/api.w.org\/{rel}","templated":true}]}}