{"id":37883,"date":"2021-06-10T17:23:29","date_gmt":"2021-06-10T21:23:29","guid":{"rendered":"https:\/\/wearewebrything.com\/edptest\/?page_id=37883"},"modified":"2023-11-16T10:29:02","modified_gmt":"2023-11-16T14:29:02","slug":"pea","status":"publish","type":"page","link":"https:\/\/wearewebrything.com\/edptest\/pea\/","title":{"rendered":"PEA"},"content":{"rendered":"<style type=\"text\/css\"><\/style>\t\t<div data-elementor-type=\"wp-page\" data-elementor-id=\"37883\" class=\"elementor elementor-37883\" data-elementor-post-type=\"page\">\n\t\t\t\t\t\t<section class=\"elementor-section elementor-top-section elementor-element elementor-element-7994d449 elementor-section-boxed elementor-section-height-default elementor-section-height-default\" data-id=\"7994d449\" data-element_type=\"section\">\n\t\t\t\t\t\t<div class=\"elementor-container elementor-column-gap-default\">\n\t\t\t\t\t<div class=\"elementor-column elementor-col-100 elementor-top-column elementor-element elementor-element-6c04a213\" data-id=\"6c04a213\" data-element_type=\"column\">\n\t\t\t<div class=\"elementor-widget-wrap elementor-element-populated\">\n\t\t\t\t\t\t<div class=\"elementor-element elementor-element-2d9f7c28 elementor-widget elementor-widget-image\" data-id=\"2d9f7c28\" data-element_type=\"widget\" data-widget_type=\"image.default\">\n\t\t\t\t<div class=\"elementor-widget-container\">\n\t\t\t\t\t\t\t\t\t\t\t\t\t<img fetchpriority=\"high\" decoding=\"async\" width=\"1200\" height=\"550\" src=\"https:\/\/wearewebrything.com\/edptest\/wp-content\/uploads\/banner-landing-curso-y-repaso-1.jpg\" class=\"attachment-full size-full wp-image-39025\" alt=\"\" srcset=\"https:\/\/wearewebrything.com\/edptest\/wp-content\/uploads\/banner-landing-curso-y-repaso-1.jpg 1200w, https:\/\/wearewebrything.com\/edptest\/wp-content\/uploads\/banner-landing-curso-y-repaso-1-300x138.jpg 300w, https:\/\/wearewebrything.com\/edptest\/wp-content\/uploads\/banner-landing-curso-y-repaso-1-1024x469.jpg 1024w, https:\/\/wearewebrything.com\/edptest\/wp-content\/uploads\/banner-landing-curso-y-repaso-1-768x352.jpg 768w, https:\/\/wearewebrything.com\/edptest\/wp-content\/uploads\/banner-landing-curso-y-repaso-1-580x266.jpg 580w, https:\/\/wearewebrything.com\/edptest\/wp-content\/uploads\/banner-landing-curso-y-repaso-1-860x394.jpg 860w, https:\/\/wearewebrything.com\/edptest\/wp-content\/uploads\/banner-landing-curso-y-repaso-1-1160x532.jpg 1160w\" sizes=\"(max-width: 1200px) 100vw, 1200px\" \/>\t\t\t\t\t\t\t\t\t\t\t\t\t<\/div>\n\t\t\t\t<\/div>\n\t\t\t\t\t<\/div>\n\t\t<\/div>\n\t\t\t\t\t<\/div>\n\t\t<\/section>\n\t\t\t\t<section class=\"elementor-section elementor-top-section elementor-element elementor-element-460f2e4a elementor-section-boxed elementor-section-height-default elementor-section-height-default\" data-id=\"460f2e4a\" data-element_type=\"section\">\n\t\t\t\t\t\t<div class=\"elementor-container elementor-column-gap-default\">\n\t\t\t\t\t<div class=\"elementor-column elementor-col-100 elementor-top-column elementor-element elementor-element-65040d51\" data-id=\"65040d51\" data-element_type=\"column\">\n\t\t\t<div class=\"elementor-widget-wrap elementor-element-populated\">\n\t\t\t\t\t\t<div class=\"elementor-element elementor-element-7c46a91d elementor-widget elementor-widget-heading\" data-id=\"7c46a91d\" data-element_type=\"widget\" data-widget_type=\"heading.default\">\n\t\t\t\t<div class=\"elementor-widget-container\">\n\t\t\t<h4 class=\"elementor-heading-title elementor-size-medium\">Solicita informaci\u00f3n\n| Completa el siguiente formulario para obtener m\u00e1s informaci\u00f3n. <\/h4>\t\t<\/div>\n\t\t\t\t<\/div>\n\t\t\t\t<div class=\"elementor-element elementor-element-702a61fe elementor-widget elementor-widget-text-editor\" data-id=\"702a61fe\" data-element_type=\"widget\" data-widget_type=\"text-editor.default\">\n\t\t\t\t<div class=\"elementor-widget-container\">\n\t\t\t\t\t\t\t<p><div class=\"wpforms-container wpforms-container-full\" id=\"wpforms-37886\"><form id=\"wpforms-form-37886\" class=\"wpforms-validate wpforms-form\" data-formid=\"37886\" method=\"post\" enctype=\"multipart\/form-data\" action=\"\/edptest\/wp-json\/wp\/v2\/pages\/37883\" data-token=\"9515402f59683df20c6004167711db43\" data-token-time=\"1778538651\"><noscript class=\"wpforms-error-noscript\">Please enable JavaScript in your browser to complete this form.<\/noscript><div class=\"wpforms-field-container\"><div id=\"wpforms-37886-field_0-container\" class=\"wpforms-field wpforms-field-name\" data-field-id=\"0\"><label class=\"wpforms-field-label wpforms-label-hide\" for=\"wpforms-37886-field_0\">Nombre y Apellidos <span class=\"wpforms-required-label\">*<\/span><\/label><div class=\"wpforms-field-row wpforms-field-large\"><div class=\"wpforms-field-row-block wpforms-first wpforms-one-half\"><input type=\"text\" id=\"wpforms-37886-field_0\" class=\"wpforms-field-name-first wpforms-field-required\" name=\"wpforms[fields][0][first]\" placeholder=\"Nombre\" required><label for=\"wpforms-37886-field_0\" class=\"wpforms-field-sublabel after wpforms-sublabel-hide\">First<\/label><\/div><div class=\"wpforms-field-row-block wpforms-one-half\"><input type=\"text\" id=\"wpforms-37886-field_0-last\" class=\"wpforms-field-name-last wpforms-field-required\" name=\"wpforms[fields][0][last]\" placeholder=\"Apellidos\" required><label for=\"wpforms-37886-field_0-last\" class=\"wpforms-field-sublabel after wpforms-sublabel-hide\">Last<\/label><\/div><\/div><\/div><div id=\"wpforms-37886-field_9-container\" class=\"wpforms-field wpforms-field-phone\" data-field-id=\"9\"><label class=\"wpforms-field-label wpforms-label-hide\" for=\"wpforms-37886-field_9\">Tel\u00e9fono <span class=\"wpforms-required-label\">*<\/span><\/label><input type=\"tel\" id=\"wpforms-37886-field_9\" class=\"wpforms-field-medium wpforms-field-required wpforms-masked-input\" data-inputmask=\"&#039;mask&#039;: &#039;(999) 999-9999&#039;\" data-rule-us-phone-field=\"true\" data-inputmask-inputmode=\"tel\" name=\"wpforms[fields][9]\" placeholder=\"Tel\u00e9fono \" required><\/div><div id=\"wpforms-37886-field_1-container\" class=\"wpforms-field wpforms-field-email\" data-field-id=\"1\"><label class=\"wpforms-field-label wpforms-label-hide\" for=\"wpforms-37886-field_1\">Email <span class=\"wpforms-required-label\">*<\/span><\/label><input type=\"email\" id=\"wpforms-37886-field_1\" class=\"wpforms-field-small wpforms-field-required\" name=\"wpforms[fields][1]\" placeholder=\"Email \" spellcheck=\"false\" required><\/div><div id=\"wpforms-37886-field_8-container\" class=\"wpforms-field wpforms-field-select wpforms-field-select-style-modern\" data-field-id=\"8\"><label class=\"wpforms-field-label\" for=\"wpforms-37886-field_8\">Localidad <span class=\"wpforms-required-label\">*<\/span><\/label><select id=\"wpforms-37886-field_8\" class=\"wpforms-field-large wpforms-field-required choicesjs-select\" data-size-class=\"wpforms-field-row wpforms-field-large\" data-search-enabled=\"\" name=\"wpforms[fields][8]\" required=\"required\"><option value=\"\" class=\"placeholder\" disabled  selected='selected'>Hato Rey <\/option><option value=\"Hato Rey \" >Hato Rey<\/option><option value=\"San Sebasti\u00e1n\" >San Sebasti\u00e1n<\/option><\/select><\/div><div id=\"wpforms-37886-field_7-container\" class=\"wpforms-field wpforms-field-select wpforms-field-select-style-modern\" data-field-id=\"7\"><label class=\"wpforms-field-label\" for=\"wpforms-37886-field_7\">Curso de Inter\u00e9s <span class=\"wpforms-required-label\">*<\/span><\/label><select id=\"wpforms-37886-field_7\" class=\"wpforms-field-large wpforms-field-required choicesjs-select\" data-size-class=\"wpforms-field-row wpforms-field-large\" data-search-enabled=\"\" name=\"wpforms[fields][7]\" required=\"required\"><option value=\"\" class=\"placeholder\" disabled  selected='selected'>Ingl\u00e9s Conversacional<\/option><option value=\"Ingl\u00e9s Conversacional\" >Ingl\u00e9s Conversacional<\/option><option value=\"Repaso Examen Ciudadan\u00eda Americana\" >Repaso Examen Ciudadan\u00eda Americana<\/option><\/select><\/div><\/div><!-- .wpforms-field-container --><div class=\"wpforms-submit-container\" ><input type=\"hidden\" name=\"wpforms[id]\" value=\"37886\"><input type=\"hidden\" name=\"page_title\" value=\"\"><input type=\"hidden\" name=\"page_url\" value=\"https:\/\/wearewebrything.com\/edptest\/wp-json\/wp\/v2\/pages\/37883\"><button type=\"submit\" name=\"wpforms[submit]\" id=\"wpforms-submit-37886\" class=\"wpforms-submit\" data-alt-text=\"Enviando...\" data-submit-text=\"Enviar\" aria-live=\"assertive\" value=\"wpforms-submit\">Enviar<\/button><\/div><\/form><\/div>  <!-- .wpforms-container --><\/p>\t\t\t\t\t\t<\/div>\n\t\t\t\t<\/div>\n\t\t\t\t\t<\/div>\n\t\t<\/div>\n\t\t\t\t\t<\/div>\n\t\t<\/section>\n\t\t\t\t<section class=\"elementor-section elementor-top-section elementor-element elementor-element-51b8f09c elementor-section-boxed elementor-section-height-default elementor-section-height-default\" data-id=\"51b8f09c\" data-element_type=\"section\">\n\t\t\t\t\t\t<div class=\"elementor-container elementor-column-gap-default\">\n\t\t\t\t\t<div class=\"elementor-column elementor-col-100 elementor-top-column elementor-element elementor-element-3a4fa3ac\" data-id=\"3a4fa3ac\" data-element_type=\"column\">\n\t\t\t<div class=\"elementor-widget-wrap elementor-element-populated\">\n\t\t\t\t\t\t<section class=\"elementor-section elementor-inner-section elementor-element elementor-element-13fbeb1b elementor-section-boxed elementor-section-height-default elementor-section-height-default\" data-id=\"13fbeb1b\" data-element_type=\"section\">\n\t\t\t\t\t\t<div class=\"elementor-container elementor-column-gap-default\">\n\t\t\t\t\t<div class=\"elementor-column elementor-col-50 elementor-inner-column elementor-element elementor-element-1daa3bf4\" data-id=\"1daa3bf4\" data-element_type=\"column\">\n\t\t\t<div class=\"elementor-widget-wrap elementor-element-populated\">\n\t\t\t\t\t\t<div class=\"elementor-element elementor-element-5925ab6b elementor-widget elementor-widget-text-editor\" data-id=\"5925ab6b\" data-element_type=\"widget\" data-widget_type=\"text-editor.default\">\n\t\t\t\t<div class=\"elementor-widget-container\">\n\t\t\t\t\t\t\t<p><strong><span style=\"color: #008080;\">PROGRAMA DE EDUCACION PARA ADULTOS-PEA<\/span><\/strong><\/p>\n<ul>\n<li>Abierto para interesados en \u00c1rea Metro (para Recinto de Hato Rey) y \u00c1rea Noroeste (para Recinto de San Sebasti\u00e1n).<\/li>\n<li>Clases dos veces en semana (lunes-jueves) por 13 semanas.<\/li>\n<li>Total 60 horas por curso lunes y mi\u00e9rcoles o martes y jueves despu\u00e9s de las 5:30PM.<\/li>\n<\/ul>\n<p><span style=\"color: #008080;\"><strong>&nbsp;<\/strong><\/span><\/p>\n<ol>\n<li style=\"list-style-type: none;\">&nbsp;<\/li>\n<\/ol>\t\t\t\t\t\t<\/div>\n\t\t\t\t<\/div>\n\t\t\t\t\t<\/div>\n\t\t<\/div>\n\t\t\t\t<div class=\"elementor-column elementor-col-50 elementor-inner-column elementor-element elementor-element-f759a5c\" data-id=\"f759a5c\" data-element_type=\"column\">\n\t\t\t<div class=\"elementor-widget-wrap elementor-element-populated\">\n\t\t\t\t\t\t<div class=\"elementor-element elementor-element-75f69859 elementor-widget elementor-widget-image\" data-id=\"75f69859\" data-element_type=\"widget\" data-widget_type=\"image.default\">\n\t\t\t\t<div class=\"elementor-widget-container\">\n\t\t\t\t\t\t\t\t\t\t\t\t\t<img decoding=\"async\" width=\"960\" height=\"540\" src=\"https:\/\/wearewebrything.com\/edptest\/wp-content\/uploads\/cumpli_01.jpg\" class=\"attachment-large size-large wp-image-32709\" alt=\"\" srcset=\"https:\/\/wearewebrything.com\/edptest\/wp-content\/uploads\/cumpli_01.jpg 960w, https:\/\/wearewebrything.com\/edptest\/wp-content\/uploads\/cumpli_01-300x169.jpg 300w, https:\/\/wearewebrything.com\/edptest\/wp-content\/uploads\/cumpli_01-768x432.jpg 768w, https:\/\/wearewebrything.com\/edptest\/wp-content\/uploads\/cumpli_01-600x338.jpg 600w, https:\/\/wearewebrything.com\/edptest\/wp-content\/uploads\/cumpli_01-580x326.jpg 580w, https:\/\/wearewebrything.com\/edptest\/wp-content\/uploads\/cumpli_01-860x484.jpg 860w\" sizes=\"(max-width: 960px) 100vw, 960px\" \/>\t\t\t\t\t\t\t\t\t\t\t\t\t<\/div>\n\t\t\t\t<\/div>\n\t\t\t\t\t<\/div>\n\t\t<\/div>\n\t\t\t\t\t<\/div>\n\t\t<\/section>\n\t\t\t\t\t<\/div>\n\t\t<\/div>\n\t\t\t\t\t<\/div>\n\t\t<\/section>\n\t\t\t\t<section class=\"elementor-section elementor-top-section elementor-element elementor-element-5e049ceb elementor-section-boxed elementor-section-height-default elementor-section-height-default\" data-id=\"5e049ceb\" data-element_type=\"section\">\n\t\t\t\t\t\t<div class=\"elementor-container elementor-column-gap-default\">\n\t\t\t\t\t<div class=\"elementor-column elementor-col-100 elementor-top-column elementor-element elementor-element-5a9f5be2\" data-id=\"5a9f5be2\" data-element_type=\"column\">\n\t\t\t<div class=\"elementor-widget-wrap\">\n\t\t\t\t\t\t\t<\/div>\n\t\t<\/div>\n\t\t\t\t\t<\/div>\n\t\t<\/section>\n\t\t\t\t<\/div>\n\t\t","protected":false},"excerpt":{"rendered":"<p>Solicita informaci\u00f3n | Completa el siguiente formulario para obtener m\u00e1s informaci\u00f3n. PROGRAMA DE EDUCACION PARA ADULTOS-PEA Abierto para interesados en \u00c1rea Metro (para Recinto de Hato Rey) y \u00c1rea Noroeste (para Recinto de San Sebasti\u00e1n). Clases dos veces en semana (lunes-jueves) por 13 semanas. Total 60 horas por curso lunes y mi\u00e9rcoles o martes y&#8230;<\/p>\n","protected":false},"author":8,"featured_media":0,"parent":0,"menu_order":0,"comment_status":"closed","ping_status":"closed","template":"elementor_canvas","meta":{"_monsterinsights_skip_tracking":false,"_monsterinsights_sitenote_active":false,"_monsterinsights_sitenote_note":"","_monsterinsights_sitenote_category":0,"footnotes":""},"_links":{"self":[{"href":"https:\/\/wearewebrything.com\/edptest\/wp-json\/wp\/v2\/pages\/37883"}],"collection":[{"href":"https:\/\/wearewebrything.com\/edptest\/wp-json\/wp\/v2\/pages"}],"about":[{"href":"https:\/\/wearewebrything.com\/edptest\/wp-json\/wp\/v2\/types\/page"}],"author":[{"embeddable":true,"href":"https:\/\/wearewebrything.com\/edptest\/wp-json\/wp\/v2\/users\/8"}],"replies":[{"embeddable":true,"href":"https:\/\/wearewebrything.com\/edptest\/wp-json\/wp\/v2\/comments?post=37883"}],"version-history":[{"count":3,"href":"https:\/\/wearewebrything.com\/edptest\/wp-json\/wp\/v2\/pages\/37883\/revisions"}],"predecessor-version":[{"id":42266,"href":"https:\/\/wearewebrything.com\/edptest\/wp-json\/wp\/v2\/pages\/37883\/revisions\/42266"}],"wp:attachment":[{"href":"https:\/\/wearewebrything.com\/edptest\/wp-json\/wp\/v2\/media?parent=37883"}],"curies":[{"name":"wp","href":"https:\/\/api.w.org\/{rel}","templated":true}]}}